CRAN Package Check Results for Package Iso

Last updated on 2018-06-24 22:49:24 CEST.

Flavor Version Tinstall Tcheck Ttotal Status Flags
r-devel-linux-x86_64-debian-clang 0.0-17 1.84 18.03 19.87 NOTE
r-devel-linux-x86_64-debian-gcc 0.0-17 1.48 14.18 15.66 NOTE
r-devel-linux-x86_64-fedora-clang 0.0-17 23.91 NOTE
r-devel-linux-x86_64-fedora-gcc 0.0-17 22.15 NOTE
r-devel-windows-ix86+x86_64 0.0-17 16.00 38.00 54.00 NOTE
r-patched-linux-x86_64 0.0-17 1.73 16.67 18.40 NOTE
r-patched-solaris-x86 0.0-17 35.40 NOTE
r-release-linux-x86_64 0.0-17 1.78 16.86 18.64 NOTE
r-release-windows-ix86+x86_64 0.0-17 16.00 38.00 54.00 NOTE
r-release-osx-x86_64 0.0-17 NOTE
r-oldrel-windows-ix86+x86_64 0.0-17 8.00 28.00 36.00 NOTE
r-oldrel-osx-x86_64 0.0-17 NOTE

Check Details

Version: 0.0-17
Check: R code for possible problems
Result: NOTE
    ufit: no visible global function definition for ‘stepfun’
    Undefined global functions or variables:
     stepfun
    Consider adding
     importFrom("stats", "stepfun")
    to your NAMESPACE file.
Flavors: r-devel-linux-x86_64-debian-clang, r-devel-linux-x86_64-debian-gcc, r-devel-linux-x86_64-fedora-clang, r-devel-linux-x86_64-fedora-gcc, r-devel-windows-ix86+x86_64, r-patched-linux-x86_64, r-patched-solaris-x86, r-release-linux-x86_64, r-release-windows-ix86+x86_64, r-release-osx-x86_64, r-oldrel-windows-ix86+x86_64, r-oldrel-osx-x86_64

Version: 0.0-17
Check: compiled code
Result: NOTE
    File ‘Iso/libs/Iso.so’:
     Found no calls to: ‘R_registerRoutines’, ‘R_useDynamicSymbols’
    
    It is good practice to register native routines and to disable symbol
    search.
    
    See ‘Writing portable packages’ in the ‘Writing R Extensions’ manual.
Flavors: r-devel-linux-x86_64-debian-clang, r-devel-linux-x86_64-debian-gcc, r-devel-linux-x86_64-fedora-clang, r-devel-linux-x86_64-fedora-gcc, r-patched-linux-x86_64, r-release-linux-x86_64