Last updated on 2023-09-23 23:00:49 CEST.
Flavor | Version | Tinstall | Tcheck | Ttotal | Status | Flags |
---|---|---|---|---|---|---|
r-devel-linux-x86_64-debian-clang | 1.1.1 | 3.30 | 30.81 | 34.11 | NOTE | |
r-devel-linux-x86_64-debian-gcc | 1.1.1 | 2.71 | 26.12 | 28.83 | NOTE | |
r-devel-linux-x86_64-fedora-clang | 1.1.1 | 55.47 | NOTE | |||
r-devel-linux-x86_64-fedora-gcc | 1.1.1 | 56.52 | NOTE | |||
r-devel-windows-x86_64 | 1.1.1 | 5.00 | 299.00 | 304.00 | NOTE | |
r-patched-linux-x86_64 | 1.1.1 | 3.38 | 30.20 | 33.58 | OK | |
r-release-linux-x86_64 | 1.1.1 | 2.53 | 30.46 | 32.99 | OK | |
r-release-macos-arm64 | 1.1.1 | 18.00 | OK | |||
r-release-macos-x86_64 | 1.1.1 | 25.00 | OK | |||
r-release-windows-x86_64 | 1.1.1 | 5.00 | 405.00 | 410.00 | OK | |
r-oldrel-macos-arm64 | 1.1.1 | 17.00 | OK | |||
r-oldrel-macos-x86_64 | 1.1.1 | 23.00 | OK | |||
r-oldrel-windows-x86_64 | 1.1.1 | 7.00 | 394.00 | 401.00 | OK |
Version: 1.1.1
Check: package namespace information
Result: NOTE
Found export directive that requires package ‘methods’:
‘exportClasses’
Remove all such namespace directives (if obsolete) or ensure that the
DESCRIPTION Depends or Imports field contains ‘methods’.
Flavors: r-devel-linux-x86_64-debian-clang, r-devel-linux-x86_64-debian-gcc, r-devel-linux-x86_64-fedora-clang, r-devel-linux-x86_64-fedora-gcc, r-devel-windows-x86_64