Last updated on 2024-04-18 22:52:45 CEST.
Flavor | Version | Tinstall | Tcheck | Ttotal | Status | Flags |
---|---|---|---|---|---|---|
r-devel-linux-x86_64-debian-clang | 0.3 | 1.76 | 22.16 | 23.92 | OK | |
r-devel-linux-x86_64-debian-gcc | 0.3 | 2.02 | 17.02 | 19.04 | OK | |
r-devel-linux-x86_64-fedora-clang | 0.3 | 30.49 | NOTE | |||
r-devel-linux-x86_64-fedora-gcc | 0.3 | 29.12 | NOTE | |||
r-prerel-macos-arm64 | 0.3 | 15.00 | OK | |||
r-prerel-windows-x86_64 | 0.3 | 4.00 | 40.00 | 44.00 | OK | |
r-patched-linux-x86_64 | 0.3 | 1.59 | 21.39 | 22.98 | OK | |
r-release-linux-x86_64 | 0.3 | 1.72 | 21.09 | 22.81 | OK | |
r-release-macos-arm64 | 0.3 | 18.00 | OK | |||
r-release-macos-x86_64 | 0.3 | 19.00 | OK | |||
r-release-windows-x86_64 | 0.3 | 4.00 | 39.00 | 43.00 | OK | |
r-oldrel-macos-arm64 | 0.3 | 15.00 | NOTE | |||
r-oldrel-windows-x86_64 | 0.3 | 5.00 | 42.00 | 47.00 | OK |
Version: 0.3
Check: dependencies in R code
Result: NOTE
Namespaces in Imports field not imported from:
‘lme4’ ‘metafor’ ‘nlme’
All declared Imports should be used.
Flavors: r-devel-linux-x86_64-fedora-clang, r-devel-linux-x86_64-fedora-gcc, r-oldrel-macos-arm64