Last updated on 2023-01-28 22:55:17 CET.
Flavor | Version | Tinstall | Tcheck | Ttotal | Status | Flags |
---|---|---|---|---|---|---|
r-devel-linux-x86_64-debian-clang | 2.0.3 | 263.31 | 162.31 | 425.62 | OK | |
r-devel-linux-x86_64-debian-gcc | 2.0.3 | 215.03 | 197.23 | 412.26 | NOTE | |
r-devel-linux-x86_64-fedora-clang | 2.0.3 | 617.69 | OK | |||
r-devel-linux-x86_64-fedora-gcc | 2.0.3 | 563.33 | NOTE | |||
r-devel-windows-x86_64 | 2.0.3 | 195.00 | 241.00 | 436.00 | OK | |
r-patched-linux-x86_64 | 2.0.3 | 233.88 | 209.63 | 443.51 | OK | |
r-release-linux-x86_64 | 2.0.3 | 224.70 | 194.72 | 419.42 | OK | |
r-release-macos-arm64 | 2.0.3 | 141.00 | NOTE | |||
r-release-macos-x86_64 | 2.0.3 | 216.00 | NOTE | |||
r-release-windows-x86_64 | 2.0.3 | 273.00 | 239.00 | 512.00 | OK | |
r-oldrel-macos-arm64 | 2.0.3 | 173.00 | NOTE | |||
r-oldrel-macos-x86_64 | 2.0.3 | 233.00 | NOTE | |||
r-oldrel-windows-ix86+x86_64 | 2.0.3 | 598.00 | 302.00 | 900.00 | NOTE |
Version: 2.0.3
Check: C++ specification
Result: NOTE
Specified C++11: please update to current default of C++17
Flavors: r-devel-linux-x86_64-debian-gcc, r-devel-linux-x86_64-fedora-gcc
Version: 2.0.3
Check: installed package size
Result: NOTE
installed size is 13.4Mb
sub-directories of 1Mb or more:
doc 2.4Mb
libs 10.8Mb
Flavors: r-release-macos-arm64, r-release-macos-x86_64, r-oldrel-macos-arm64, r-oldrel-macos-x86_64, r-oldrel-windows-ix86+x86_64