CRAN Package Check Results for Package L2E

Last updated on 2023-06-07 22:02:46 CEST.

Flavor Version Tinstall Tcheck Ttotal Status Flags
r-devel-linux-x86_64-debian-clang 2.0 13.35 154.74 168.09 OK
r-devel-linux-x86_64-debian-gcc 2.0 9.89 119.04 128.93 OK
r-devel-linux-x86_64-fedora-clang 2.0 210.97 NOTE
r-devel-linux-x86_64-fedora-gcc 2.0 224.48 NOTE
r-devel-windows-x86_64 2.0 10.00 189.00 199.00 OK
r-patched-linux-x86_64 2.0 13.78 149.47 163.25 OK
r-release-linux-x86_64 2.0 11.81 152.39 164.20 OK
r-release-macos-arm64 2.0 61.00 OK
r-release-macos-x86_64 2.0 109.00 OK
r-release-windows-x86_64 2.0 14.00 164.00 178.00 OK
r-oldrel-macos-arm64 2.0 62.00 NOTE
r-oldrel-macos-x86_64 2.0 81.00 NOTE
r-oldrel-windows-x86_64 2.0 14.00 157.00 171.00 OK

Check Details

Version: 2.0
Check: dependencies in R code
Result: NOTE
    Namespace in Imports field not imported from: ‘robustbase’
     All declared Imports should be used.
Flavors: r-devel-linux-x86_64-fedora-clang, r-devel-linux-x86_64-fedora-gcc, r-oldrel-macos-arm64, r-oldrel-macos-x86_64