CRAN Package Check Results for Package LAGOSNE

Last updated on 2021-04-12 22:51:05 CEST.

Flavor Version Tinstall Tcheck Ttotal Status Flags
r-devel-linux-x86_64-debian-clang 2.0.2 7.76 70.87 78.63 NOTE
r-devel-linux-x86_64-debian-gcc 2.0.2 6.75 54.49 61.24 NOTE
r-devel-linux-x86_64-fedora-clang 2.0.2 107.12 NOTE
r-devel-linux-x86_64-fedora-gcc 2.0.2 92.26 NOTE
r-devel-windows-ix86+x86_64 2.0.2 19.00 90.00 109.00 NOTE
r-devel-windows-x86_64-gcc10-UCRT 2.0.2 NOTE
r-patched-linux-x86_64 2.0.2 6.73 65.00 71.73 OK
r-patched-solaris-x86 2.0.2 166.10 OK
r-release-linux-x86_64 2.0.2 6.41 65.48 71.89 OK
r-release-macos-x86_64 2.0.2 OK
r-release-windows-ix86+x86_64 2.0.2 29.00 90.00 119.00 OK
r-oldrel-macos-x86_64 2.0.2 OK
r-oldrel-windows-ix86+x86_64 2.0.2 13.00 63.00 76.00 OK

Check Details

Version: 2.0.2
Check: LazyData
Result: NOTE
     'LazyData' is specified without a 'data' directory
Flavors: r-devel-linux-x86_64-debian-clang, r-devel-linux-x86_64-debian-gcc, r-devel-linux-x86_64-fedora-clang, r-devel-linux-x86_64-fedora-gcc, r-devel-windows-ix86+x86_64, r-devel-windows-x86_64-gcc10-UCRT