CRAN Package Check Results for Package LDABiplots

Last updated on 2023-02-05 22:59:24 CET.

Flavor Version Tinstall Tcheck Ttotal Status Flags
r-devel-linux-x86_64-debian-clang 0.1.2 7.67 59.90 67.57 OK
r-devel-linux-x86_64-debian-gcc 0.1.2 5.77 45.28 51.05 OK
r-devel-linux-x86_64-fedora-clang 0.1.2 89.59 NOTE
r-devel-linux-x86_64-fedora-gcc 0.1.2 96.40 NOTE
r-devel-windows-x86_64 0.1.2 21.00 92.00 113.00 OK
r-patched-linux-x86_64 0.1.2 13.77 57.69 71.46 OK
r-release-linux-x86_64 0.1.2 7.34 56.75 64.09 OK
r-release-macos-arm64 0.1.2 31.00 NOTE
r-release-macos-x86_64 0.1.2 45.00 NOTE
r-release-windows-x86_64 0.1.2 24.00 104.00 128.00 OK
r-oldrel-macos-arm64 0.1.2 37.00 NOTE
r-oldrel-macos-x86_64 0.1.2 47.00 NOTE
r-oldrel-windows-ix86+x86_64 0.1.2 21.00 93.00 114.00 OK

Check Details

Version: 0.1.2
Check: package dependencies
Result: NOTE
    Imports includes 28 non-default packages.
    Importing from so many packages makes the package vulnerable to any of
    them becoming unavailable. Move as many as possible to Suggests and
    use conditionally.
Flavor: r-devel-linux-x86_64-fedora-clang

Version: 0.1.2
Check: dependencies in R code
Result: NOTE
    Namespaces in Imports field not imported from:
     ‘DT’ ‘SnowballC’ ‘chinese.misc’ ‘dplyr’ ‘factoextra’ ‘glasso’
     ‘highcharter’ ‘htmlwidgets’ ‘ldatuning’ ‘qgraph’ ‘quanteda’ ‘rvest’
     ‘shinyBS’ ‘shinyWidgets’ ‘shinyalert’ ‘shinybusy’ ‘shinycssloaders’
     ‘shinydashboard’ ‘shinyjs’ ‘stringr’ ‘textmineR’ ‘textplot’ ‘tidyr’
     ‘topicmodels’
     All declared Imports should be used.
Flavors: r-devel-linux-x86_64-fedora-clang, r-devel-linux-x86_64-fedora-gcc, r-release-macos-arm64, r-release-macos-x86_64, r-oldrel-macos-arm64, r-oldrel-macos-x86_64