CRAN Package Check Results for Package LSAmitR

Last updated on 2019-10-16 22:56:02 CEST.

Flavor Version Tinstall Tcheck Ttotal Status Flags
r-devel-linux-x86_64-debian-clang 1.0-2 10.05 93.01 103.06 OK
r-devel-linux-x86_64-debian-gcc 1.0-2 10.37 73.24 83.61 OK
r-devel-linux-x86_64-fedora-clang 1.0-2 124.80 NOTE
r-devel-linux-x86_64-fedora-gcc 1.0-2 122.24 NOTE
r-devel-windows-ix86+x86_64 1.0-2 38.00 164.00 202.00 OK
r-patched-linux-x86_64 1.0-2 9.76 90.09 99.85 OK
r-patched-solaris-x86 1.0-2 197.80 NOTE
r-release-linux-x86_64 1.0-2 11.61 90.33 101.94 OK
r-release-windows-ix86+x86_64 1.0-2 21.00 117.00 138.00 OK
r-release-osx-x86_64 1.0-2 NOTE
r-oldrel-windows-ix86+x86_64 1.0-2 13.00 92.00 105.00 OK
r-oldrel-osx-x86_64 1.0-2 NOTE

Check Details

Version: 1.0-2
Check: data for non-ASCII characters
Result: NOTE
     Note: found 55 marked UTF-8 strings
Flavors: r-devel-linux-x86_64-fedora-clang, r-devel-linux-x86_64-fedora-gcc, r-patched-solaris-x86, r-release-osx-x86_64, r-oldrel-osx-x86_64