Last updated on 2023-06-10 23:05:56 CEST.
Flavor | Version | Tinstall | Tcheck | Ttotal | Status | Flags |
---|---|---|---|---|---|---|
r-devel-linux-x86_64-debian-clang | 1.3.1 | 15.36 | 250.74 | 266.10 | OK | |
r-devel-linux-x86_64-debian-gcc | 1.3.1 | 12.65 | 185.59 | 198.24 | OK | |
r-devel-linux-x86_64-fedora-clang | 1.3.1 | 326.74 | NOTE | |||
r-devel-linux-x86_64-fedora-gcc | 1.3.1 | 364.30 | NOTE | |||
r-devel-windows-x86_64 | 1.3.1 | 14.00 | 170.00 | 184.00 | OK | |
r-patched-linux-x86_64 | 1.3.1 | 19.10 | 245.35 | 264.45 | OK | |
r-release-linux-x86_64 | 1.3.1 | 13.72 | 248.74 | 262.46 | OK | |
r-release-macos-arm64 | 1.3.1 | 100.00 | OK | |||
r-release-macos-x86_64 | 1.3.1 | 171.00 | OK | |||
r-release-windows-x86_64 | 1.3.1 | 17.00 | 229.00 | 246.00 | OK | |
r-oldrel-macos-arm64 | 1.3.1 | 82.00 | OK | |||
r-oldrel-macos-x86_64 | 1.3.1 | 114.00 | OK | |||
r-oldrel-windows-x86_64 | 1.3.1 | 18.00 | 223.00 | 241.00 | OK |
Version: 1.3.1
Check: data for non-ASCII characters
Result: NOTE
Note: found 2096 marked UTF-8 strings
Flavors: r-devel-linux-x86_64-fedora-clang, r-devel-linux-x86_64-fedora-gcc