CRAN Package Check Results for Package Lahman

Last updated on 2019-08-17 22:46:30 CEST.

Flavor Version Tinstall Tcheck Ttotal Status Flags
r-devel-linux-x86_64-debian-clang 7.0-1 9.24 71.89 81.13 OK
r-devel-linux-x86_64-debian-gcc 7.0-1 8.66 57.29 65.95 OK
r-devel-linux-x86_64-fedora-clang 7.0-1 92.17 NOTE
r-devel-linux-x86_64-fedora-gcc 7.0-1 98.26 OK
r-devel-windows-ix86+x86_64 7.0-1 21.00 146.00 167.00 NOTE
r-patched-linux-x86_64 7.0-1 8.89 69.51 78.40 OK
r-patched-solaris-x86 7.0-1 147.30 NOTE
r-release-linux-x86_64 7.0-1 8.55 70.21 78.76 OK
r-release-windows-ix86+x86_64 7.0-1 18.00 122.00 140.00 NOTE
r-release-osx-x86_64 7.0-1 NOTE
r-oldrel-windows-ix86+x86_64 7.0-1 19.00 113.00 132.00 NOTE
r-oldrel-osx-x86_64 7.0-1 NOTE

Check Details

Version: 7.0-1
Check: installed package size
Result: NOTE
     installed size is 9.1Mb
     sub-directories of 1Mb or more:
     data 8.4Mb
Flavors: r-devel-linux-x86_64-fedora-clang, r-devel-windows-ix86+x86_64, r-patched-solaris-x86, r-release-windows-ix86+x86_64, r-release-osx-x86_64, r-oldrel-windows-ix86+x86_64, r-oldrel-osx-x86_64