CRAN Package Check Results for Package Lahman

Last updated on 2019-05-23 22:52:26 CEST.

Flavor Version Tinstall Tcheck Ttotal Status Flags
r-devel-linux-x86_64-debian-clang 7.0-1 10.04 71.11 81.15 OK
r-devel-linux-x86_64-debian-gcc 7.0-1 9.05 55.59 64.64 OK
r-devel-linux-x86_64-fedora-clang 7.0-1 95.89 NOTE
r-devel-linux-x86_64-fedora-gcc 7.0-1 93.12 OK
r-devel-windows-ix86+x86_64 7.0-1 16.00 93.00 109.00 NOTE
r-patched-linux-x86_64 7.0-1 8.59 69.59 78.18 OK
r-patched-solaris-x86 7.0-1 146.60 NOTE
r-release-linux-x86_64 7.0-1 10.58 70.74 81.32 OK
r-release-windows-ix86+x86_64 7.0-1 18.00 127.00 145.00 NOTE
r-release-osx-x86_64 7.0-1 NOTE
r-oldrel-windows-ix86+x86_64 7.0-1 13.00 79.00 92.00 NOTE
r-oldrel-osx-x86_64 7.0-1 NOTE

Check Details

Version: 7.0-1
Check: installed package size
Result: NOTE
     installed size is 9.1Mb
     sub-directories of 1Mb or more:
     data 8.4Mb
Flavors: r-devel-linux-x86_64-fedora-clang, r-devel-windows-ix86+x86_64, r-patched-solaris-x86, r-release-windows-ix86+x86_64, r-release-osx-x86_64, r-oldrel-windows-ix86+x86_64, r-oldrel-osx-x86_64