Last updated on 2023-12-02 21:39:59 CET.
Flavor | Version | Tinstall | Tcheck | Ttotal | Status | Flags |
---|---|---|---|---|---|---|
r-devel-linux-x86_64-debian-clang | 1.3.1 | 85.69 | 44.14 | 129.83 | NOTE | |
r-devel-linux-x86_64-debian-gcc | 1.3.1 | 60.86 | 33.87 | 94.73 | NOTE | |
r-devel-linux-x86_64-fedora-clang | 1.3.1 | 193.84 | NOTE | |||
r-devel-linux-x86_64-fedora-gcc | 1.3.1 | 201.04 | NOTE | |||
r-devel-windows-x86_64 | 1.3.1 | 62.00 | 99.00 | 161.00 | NOTE | |
r-patched-linux-x86_64 | 1.3.1 | 66.59 | 42.28 | 108.87 | NOTE | |
r-release-linux-x86_64 | 1.3.1 | 75.33 | 42.61 | 117.94 | NOTE | |
r-release-macos-arm64 | 1.3.1 | 55.00 | NOTE | |||
r-release-macos-x86_64 | 1.3.1 | 91.00 | NOTE | |||
r-release-windows-x86_64 | 1.3.1 | 82.00 | 100.00 | 182.00 | NOTE | |
r-oldrel-macos-arm64 | 1.3.1 | 49.00 | OK | |||
r-oldrel-macos-x86_64 | 1.3.1 | 61.00 | OK | |||
r-oldrel-windows-x86_64 | 1.3.1 | 78.00 | 101.00 | 179.00 | OK |
Version: 1.3.1
Check: C++ specification
Result: NOTE
Specified C++11: please drop specification unless essential
Flavors: r-devel-linux-x86_64-debian-clang, r-devel-linux-x86_64-debian-gcc, r-devel-linux-x86_64-fedora-clang, r-devel-linux-x86_64-fedora-gcc, r-devel-windows-x86_64, r-patched-linux-x86_64, r-release-linux-x86_64, r-release-macos-arm64, r-release-macos-x86_64, r-release-windows-x86_64