CRAN Package Check Results for Package LaplacesDemon

Last updated on 2018-02-24 22:47:33 CET.

Flavor Version Tinstall Tcheck Ttotal Status Flags
r-devel-linux-x86_64-debian-clang 16.1.0 43.31 222.51 265.82 OK
r-devel-linux-x86_64-debian-gcc 16.1.0 39.95 162.35 202.30 OK
r-devel-linux-x86_64-fedora-clang 16.1.0 321.92 OK
r-devel-linux-x86_64-fedora-gcc 16.1.0 310.38 OK
r-devel-windows-ix86+x86_64 16.1.0 70.00 277.00 347.00 OK
r-patched-linux-x86_64 16.1.0 36.58 232.86 269.44 OK
r-patched-solaris-x86 16.1.0 319.40 NOTE
r-release-linux-x86_64 16.1.0 37.28 225.40 262.68 OK
r-release-windows-ix86+x86_64 16.1.0 51.00 273.00 324.00 OK
r-release-osx-x86_64 16.1.0 OK
r-oldrel-windows-ix86+x86_64 16.1.0 46.00 290.00 336.00 OK
r-oldrel-osx-x86_64 16.1.0 OK

Additional issues

MKL

Check Details

Version: 16.1.0
Check: installed package size
Result: NOTE
     installed size is 5.3Mb
     sub-directories of 1Mb or more:
     R 1.6Mb
     doc 2.2Mb
     help 1.2Mb
Flavor: r-patched-solaris-x86