CRAN Package Check Results for Package LaplacesDemon

Last updated on 2018-09-23 22:47:01 CEST.

Flavor Version Tinstall Tcheck Ttotal Status Flags
r-devel-linux-x86_64-debian-clang 16.1.1 36.22 225.77 261.99 OK
r-devel-linux-x86_64-debian-gcc 16.1.1 33.10 173.07 206.17 OK
r-devel-linux-x86_64-fedora-clang 16.1.1 319.35 NOTE
r-devel-linux-x86_64-fedora-gcc 16.1.1 315.05 OK
r-devel-windows-ix86+x86_64 16.1.1 69.00 231.00 300.00 NOTE
r-patched-linux-x86_64 16.1.1 38.06 221.66 259.72 OK
r-patched-solaris-x86 16.1.1 339.40 NOTE
r-release-linux-x86_64 16.1.1 39.02 224.72 263.74 OK
r-release-windows-ix86+x86_64 16.1.1 47.00 307.00 354.00 NOTE
r-release-osx-x86_64 16.1.1 NOTE
r-oldrel-windows-ix86+x86_64 16.1.1 55.00 288.00 343.00 NOTE
r-oldrel-osx-x86_64 16.1.1 NOTE

Additional issues

MKL

Check Details

Version: 16.1.1
Check: installed package size
Result: NOTE
     installed size is 5.3Mb
     sub-directories of 1Mb or more:
     R 1.5Mb
     doc 2.4Mb
     help 1.1Mb
Flavors: r-devel-linux-x86_64-fedora-clang, r-devel-windows-ix86+x86_64, r-patched-solaris-x86, r-release-windows-ix86+x86_64, r-release-osx-x86_64, r-oldrel-windows-ix86+x86_64, r-oldrel-osx-x86_64