CRAN Package Check Results for Package LaplacesDemon

Last updated on 2017-11-23 22:46:54 CET.

Flavor Version Tinstall Tcheck Ttotal Status Flags
r-devel-linux-x86_64-debian-clang 16.0.1 30.62 237.45 268.07 OK
r-devel-linux-x86_64-debian-gcc 16.0.1 35.66 295.11 330.78 OK
r-devel-linux-x86_64-fedora-clang 16.0.1 312.18 NOTE
r-devel-linux-x86_64-fedora-gcc 16.0.1 307.70 NOTE
r-devel-windows-ix86+x86_64 16.0.1 52.00 298.00 350.00 NOTE
r-patched-linux-x86_64 16.0.1 40.69 352.19 392.88 OK
r-patched-solaris-x86 16.0.1 318.20 NOTE
r-release-linux-x86_64 16.0.1 27.94 146.28 174.21 OK
r-release-windows-ix86+x86_64 16.0.1 51.00 289.00 340.00 NOTE
r-release-osx-x86_64 16.0.1 NOTE
r-oldrel-windows-ix86+x86_64 16.0.1 49.00 291.00 340.00 OK
r-oldrel-osx-x86_64 16.0.1 OK

Check Details

Version: 16.0.1
Check: installed package size
Result: NOTE
     installed size is 5.3Mb
     sub-directories of 1Mb or more:
     R 1.5Mb
     doc 2.4Mb
     help 1.1Mb
Flavors: r-devel-linux-x86_64-fedora-clang, r-devel-linux-x86_64-fedora-gcc, r-devel-windows-ix86+x86_64, r-patched-solaris-x86, r-release-windows-ix86+x86_64, r-release-osx-x86_64