CRAN Package Check Results for Package LaplacesDemon

Last updated on 2018-06-19 22:54:00 CEST.

Flavor Version Tinstall Tcheck Ttotal Status Flags
r-devel-linux-x86_64-debian-clang 16.1.0 36.50 219.27 255.77 OK
r-devel-linux-x86_64-debian-gcc 16.1.0 32.81 165.54 198.35 OK
r-devel-linux-x86_64-fedora-clang 16.1.0 315.00 OK
r-devel-linux-x86_64-fedora-gcc 16.1.0 302.61 OK
r-devel-windows-ix86+x86_64 16.1.0 66.00 296.00 362.00 OK
r-patched-linux-x86_64 16.1.0 30.90 216.92 247.82 OK
r-patched-solaris-x86 16.1.0 339.10 NOTE
r-release-linux-x86_64 16.1.0 39.98 215.80 255.78 OK
r-release-windows-ix86+x86_64 16.1.0 61.00 292.00 353.00 OK
r-release-osx-x86_64 16.1.0 OK
r-oldrel-windows-ix86+x86_64 16.1.0 49.00 271.00 320.00 OK
r-oldrel-osx-x86_64 16.1.0 OK

Additional issues

MKL

Check Details

Version: 16.1.0
Check: installed package size
Result: NOTE
     installed size is 5.3Mb
     sub-directories of 1Mb or more:
     R 1.6Mb
     doc 2.2Mb
     help 1.2Mb
Flavor: r-patched-solaris-x86