Last updated on 2024-05-03 22:53:16 CEST.
Flavor | Version | Tinstall | Tcheck | Ttotal | Status | Flags |
---|---|---|---|---|---|---|
r-devel-linux-x86_64-debian-clang | 1.1 | 5.39 | 62.36 | 67.75 | NOTE | |
r-devel-linux-x86_64-fedora-clang | 1.1 | 87.83 | NOTE | |||
r-devel-linux-x86_64-fedora-gcc | 1.1 | 86.94 | NOTE | |||
r-devel-windows-x86_64 | 1.1 | 6.00 | 76.00 | 82.00 | NOTE | |
r-patched-linux-x86_64 | 1.1 | 6.92 | 59.36 | 66.28 | NOTE | |
r-release-linux-x86_64 | 1.1 | 5.60 | 58.62 | 64.22 | NOTE | |
r-release-macos-arm64 | 1.1 | 29.00 | NOTE | |||
r-release-windows-x86_64 | 1.1 | 7.00 | 75.00 | 82.00 | NOTE | |
r-oldrel-macos-arm64 | 1.1 | 30.00 | NOTE | |||
r-oldrel-macos-x86_64 | 1.1 | 49.00 | NOTE | |||
r-oldrel-windows-x86_64 | 1.1 | 7.00 | 82.00 | 89.00 | NOTE |
Version: 1.1
Check: Rd files
Result: NOTE
checkRd: (-1) clusterDistance.Rd:28-29: Lost braces
28 | \code{approach} indicates the algorithm used to get the value. \code{distance} indicates the distance used to get the value. Possible values: {\code{'MAX'},
| ^
checkRd: (-1) clusterDistance.details.Rd:28-29: Lost braces
28 | \code{approach} indicates the algorithm used to get the value. \code{distance} indicates the distance used to get the value. Possible values: {\code{'MAX'},
| ^
checkRd: (-1) clusterDistanceByApproach.Rd:24-25: Lost braces
24 | \code{approach} indicates the algorithm used to get the value. Possible values: {\code{'MAX'},
| ^
checkRd: (-1) clusterDistanceByApproach.details.Rd:24-25: Lost braces
24 | \code{approach} indicates the algorithm used to get the value. Possible values: {\code{'MAX'},
| ^
Flavors: r-devel-linux-x86_64-debian-clang, r-devel-linux-x86_64-fedora-clang, r-devel-linux-x86_64-fedora-gcc, r-devel-windows-x86_64, r-patched-linux-x86_64, r-release-linux-x86_64, r-release-macos-arm64, r-release-windows-x86_64
Version: 1.1
Check: LazyData
Result: NOTE
'LazyData' is specified without a 'data' directory
Flavors: r-devel-linux-x86_64-debian-clang, r-devel-linux-x86_64-fedora-clang, r-devel-linux-x86_64-fedora-gcc, r-devel-windows-x86_64, r-patched-linux-x86_64, r-release-linux-x86_64, r-release-macos-arm64, r-release-windows-x86_64, r-oldrel-macos-arm64, r-oldrel-macos-x86_64, r-oldrel-windows-x86_64