Last updated on 2023-12-09 21:54:20 CET.
Flavor | Version | Tinstall | Tcheck | Ttotal | Status | Flags |
---|---|---|---|---|---|---|
r-devel-linux-x86_64-debian-clang | 0.1.5 | 67.93 | 130.87 | 198.80 | NOTE | |
r-devel-linux-x86_64-debian-gcc | 0.1.5 | 47.19 | 95.94 | 143.13 | NOTE | |
r-devel-linux-x86_64-fedora-clang | 0.1.5 | 251.01 | NOTE | |||
r-devel-linux-x86_64-fedora-gcc | 0.1.5 | 255.09 | NOTE | |||
r-devel-windows-x86_64 | 0.1.5 | 48.00 | 126.00 | 174.00 | NOTE | |
r-patched-linux-x86_64 | 0.1.5 | 45.20 | 126.31 | 171.51 | NOTE | |
r-release-linux-x86_64 | 0.1.5 | 44.65 | 121.16 | 165.81 | NOTE | |
r-release-macos-arm64 | 0.1.5 | 78.00 | NOTE | |||
r-release-macos-x86_64 | 0.1.5 | 119.00 | NOTE | |||
r-release-windows-x86_64 | 0.1.5 | 60.00 | 154.00 | 214.00 | NOTE | |
r-oldrel-macos-arm64 | 0.1.5 | 59.00 | NOTE | |||
r-oldrel-macos-x86_64 | 0.1.5 | 103.00 | NOTE | |||
r-oldrel-windows-x86_64 | 0.1.5 | 57.00 | 144.00 | 201.00 | NOTE |
Version: 0.1.5
Check: Rd \usage sections
Result: NOTE
S3 methods shown with full name in Rd file 'BIC.threshold.Rd':
‘BIC.threshold’
S3 methods shown with full name in Rd file 'BIC.threshold.ggm.Rd':
‘BIC.threshold.ggm’
The \usage entries for S3 methods should use the \method markup and not
their full name.
See chapter ‘Writing R documentation files’ in the ‘Writing R
Extensions’ manual.
Flavors: r-devel-linux-x86_64-debian-clang, r-devel-linux-x86_64-debian-gcc, r-devel-linux-x86_64-fedora-clang, r-devel-linux-x86_64-fedora-gcc, r-devel-windows-x86_64
Version: 0.1.5
Check: LazyData
Result: NOTE
'LazyData' is specified without a 'data' directory
Flavors: r-devel-linux-x86_64-debian-clang, r-devel-linux-x86_64-debian-gcc, r-devel-linux-x86_64-fedora-clang, r-devel-linux-x86_64-fedora-gcc, r-devel-windows-x86_64, r-patched-linux-x86_64, r-release-linux-x86_64, r-release-macos-arm64, r-release-macos-x86_64, r-release-windows-x86_64, r-oldrel-macos-arm64, r-oldrel-macos-x86_64, r-oldrel-windows-x86_64
Version: 0.1.5
Check: Rd \usage sections
Result: NOTE
S3 methods shown with full name in documentation object 'BIC.threshold':
‘BIC.threshold’
S3 methods shown with full name in documentation object 'BIC.threshold.ggm':
‘BIC.threshold.ggm’
The \usage entries for S3 methods should use the \method markup and not
their full name.
See chapter ‘Writing R documentation files’ in the ‘Writing R
Extensions’ manual.
Flavors: r-patched-linux-x86_64, r-release-linux-x86_64, r-release-macos-arm64, r-release-macos-x86_64, r-release-windows-x86_64