Last updated on 2024-04-18 22:52:47 CEST.
Flavor | Version | Tinstall | Tcheck | Ttotal | Status | Flags |
---|---|---|---|---|---|---|
r-devel-linux-x86_64-debian-clang | 1.1 | 5.92 | 51.67 | 57.59 | NOTE | |
r-devel-linux-x86_64-debian-gcc | 1.1 | 4.86 | 39.63 | 44.49 | NOTE | |
r-devel-linux-x86_64-fedora-clang | 1.1 | 74.31 | NOTE | |||
r-devel-linux-x86_64-fedora-gcc | 1.1 | 83.07 | NOTE | |||
r-prerel-macos-arm64 | 1.1 | 32.00 | OK | |||
r-prerel-windows-x86_64 | 1.1 | 7.00 | 73.00 | 80.00 | OK | |
r-patched-linux-x86_64 | 1.1 | 5.81 | 50.53 | 56.34 | NOTE | |
r-release-linux-x86_64 | 1.1 | 5.29 | 49.14 | 54.43 | NOTE | |
r-release-macos-arm64 | 1.1 | 35.00 | OK | |||
r-release-macos-x86_64 | 1.1 | 50.00 | NOTE | |||
r-release-windows-x86_64 | 1.1 | 8.00 | 74.00 | 82.00 | OK | |
r-oldrel-macos-arm64 | 1.1 | 31.00 | OK | |||
r-oldrel-windows-x86_64 | 1.1 | 9.00 | 82.00 | 91.00 | OK |
Version: 1.1
Check: for non-standard things in the check directory
Result: NOTE
Found the following files/directories:
‘tTestTable.rda’
Flavors: r-devel-linux-x86_64-debian-clang, r-devel-linux-x86_64-debian-gcc, r-devel-linux-x86_64-fedora-clang, r-devel-linux-x86_64-fedora-gcc, r-patched-linux-x86_64, r-release-linux-x86_64
Version: 1.1
Check: package dependencies
Result: NOTE
Package suggested but not available for checking: ‘graph’
Flavor: r-release-macos-x86_64