CRAN Package Check Results for Package LoopRig

Last updated on 2021-04-12 22:51:06 CEST.

Flavor Version Tinstall Tcheck Ttotal Status Flags
r-devel-linux-x86_64-debian-clang 0.1.1 13.81 169.96 183.77 NOTE
r-devel-linux-x86_64-debian-gcc 0.1.1 11.18 140.65 151.83 NOTE
r-devel-linux-x86_64-fedora-clang 0.1.1 260.30 NOTE
r-devel-linux-x86_64-fedora-gcc 0.1.1 251.83 NOTE
r-devel-windows-ix86+x86_64 0.1.1 29.00 195.00 224.00 NOTE
r-devel-windows-x86_64-gcc10-UCRT 0.1.1 NOTE
r-patched-linux-x86_64 0.1.1 11.99 164.50 176.49 OK
r-patched-solaris-x86 0.1.1 310.80 OK
r-release-linux-x86_64 0.1.1 12.58 165.22 177.80 OK
r-release-macos-x86_64 0.1.1 OK
r-release-windows-ix86+x86_64 0.1.1 26.00 204.00 230.00 OK
r-oldrel-macos-x86_64 0.1.1 ERROR
r-oldrel-windows-ix86+x86_64 0.1.1 27.00 145.00 172.00 OK

Check Details

Version: 0.1.1
Check: LazyData
Result: NOTE
     'LazyData' is specified without a 'data' directory
Flavors: r-devel-linux-x86_64-debian-clang, r-devel-linux-x86_64-debian-gcc, r-devel-linux-x86_64-fedora-clang, r-devel-linux-x86_64-fedora-gcc, r-devel-windows-ix86+x86_64, r-devel-windows-x86_64-gcc10-UCRT

Version: 0.1.1
Check: whether package can be installed
Result: ERROR
    Installation failed.
Flavor: r-oldrel-macos-x86_64