Last updated on 2024-04-19 22:55:51 CEST.
Flavor | Version | Tinstall | Tcheck | Ttotal | Status | Flags |
---|---|---|---|---|---|---|
r-devel-linux-x86_64-debian-clang | 0.1.1 | 14.98 | 184.75 | 199.73 | NOTE | |
r-devel-linux-x86_64-debian-gcc | 0.1.1 | NOTE | ||||
r-devel-linux-x86_64-fedora-clang | 0.1.1 | 245.17 | NOTE | |||
r-devel-linux-x86_64-fedora-gcc | 0.1.1 | 250.76 | NOTE | |||
r-prerel-macos-arm64 | 0.1.1 | 68.00 | NOTE | |||
r-prerel-macos-x86_64 | 0.1.1 | 160.00 | NOTE | |||
r-prerel-windows-x86_64 | 0.1.1 | 13.00 | 137.00 | 150.00 | NOTE | |
r-patched-linux-x86_64 | 0.1.1 | 13.79 | 172.90 | 186.69 | NOTE | |
r-release-linux-x86_64 | 0.1.1 | 13.01 | 183.52 | 196.53 | NOTE | |
r-release-macos-arm64 | 0.1.1 | 70.00 | NOTE | |||
r-release-macos-x86_64 | 0.1.1 | 133.00 | NOTE | |||
r-release-windows-x86_64 | 0.1.1 | 17.00 | 183.00 | 200.00 | NOTE | |
r-oldrel-macos-arm64 | 0.1.1 | 63.00 | NOTE | |||
r-oldrel-windows-x86_64 | 0.1.1 | 17.00 | 182.00 | 199.00 | NOTE |
Version: 0.1.1
Check: LazyData
Result: NOTE
'LazyData' is specified without a 'data' directory
Flavors: r-devel-linux-x86_64-debian-clang, r-devel-linux-x86_64-debian-gcc, r-devel-linux-x86_64-fedora-clang, r-devel-linux-x86_64-fedora-gcc, r-prerel-macos-arm64, r-prerel-macos-x86_64, r-prerel-windows-x86_64, r-patched-linux-x86_64, r-release-linux-x86_64, r-release-macos-arm64, r-release-macos-x86_64, r-release-windows-x86_64, r-oldrel-macos-arm64, r-oldrel-windows-x86_64