Last updated on 2021-03-02 22:57:00 CET.
Flavor | Version | Tinstall | Tcheck | Ttotal | Status | Flags |
---|---|---|---|---|---|---|
r-devel-linux-x86_64-debian-clang | 0.9.10 | OK | ||||
r-devel-linux-x86_64-debian-gcc | 0.9.10 | 82.35 | 257.23 | 339.58 | OK | |
r-devel-linux-x86_64-fedora-clang | 0.9.10 | 582.41 | NOTE | |||
r-devel-linux-x86_64-fedora-gcc | 0.9.10 | 570.63 | OK | |||
r-devel-windows-ix86+x86_64 | 0.9.10 | 174.00 | 591.00 | 765.00 | NOTE | |
r-patched-linux-x86_64 | 0.9.10 | 92.02 | 323.58 | 415.60 | OK | |
r-patched-solaris-x86 | 0.9.10 | 618.70 | OK | |||
r-release-linux-x86_64 | 0.9.10 | 96.19 | 323.02 | 419.21 | OK | |
r-release-macos-x86_64 | 0.9.10 | NOTE | ||||
r-release-windows-ix86+x86_64 | 0.9.10 | 172.00 | 460.00 | 632.00 | NOTE | |
r-oldrel-macos-x86_64 | 0.9.10 | NOTE | ||||
r-oldrel-windows-ix86+x86_64 | 0.9.10 | 208.00 | 554.00 | 762.00 | NOTE |
Version: 0.9.10
Check: installed package size
Result: NOTE
installed size is 6.4Mb
sub-directories of 1Mb or more:
R 1.6Mb
help 1.2Mb
libs 2.4Mb
Flavors: r-devel-linux-x86_64-fedora-clang, r-devel-windows-ix86+x86_64, r-release-macos-x86_64, r-release-windows-ix86+x86_64, r-oldrel-macos-x86_64, r-oldrel-windows-ix86+x86_64