Last updated on 2023-12-08 21:58:35 CET.
Flavor | Version | Tinstall | Tcheck | Ttotal | Status | Flags |
---|---|---|---|---|---|---|
r-devel-linux-x86_64-debian-clang | 2.0 | 5.59 | 49.48 | 55.07 | NOTE | |
r-devel-linux-x86_64-debian-gcc | 2.0 | 4.08 | 35.65 | 39.73 | NOTE | |
r-devel-linux-x86_64-fedora-clang | 2.0 | 67.74 | NOTE | |||
r-devel-linux-x86_64-fedora-gcc | 2.0 | 73.53 | NOTE | |||
r-devel-windows-x86_64 | 2.0 | 6.00 | 59.00 | 65.00 | NOTE | |
r-patched-linux-x86_64 | 2.0 | 5.25 | 46.97 | 52.22 | NOTE | |
r-release-linux-x86_64 | 2.0 | 5.75 | 46.32 | 52.07 | NOTE | |
r-release-macos-arm64 | 2.0 | 32.00 | NOTE | |||
r-release-macos-x86_64 | 2.0 | 44.00 | NOTE | |||
r-release-windows-x86_64 | 2.0 | 7.00 | 63.00 | 70.00 | NOTE | |
r-oldrel-macos-arm64 | 2.0 | 28.00 | NOTE | |||
r-oldrel-macos-x86_64 | 2.0 | 45.00 | NOTE | |||
r-oldrel-windows-x86_64 | 2.0 | 7.00 | 66.00 | 73.00 | NOTE |
Version: 2.0
Check: LazyData
Result: NOTE
'LazyData' is specified without a 'data' directory
Flavors: r-devel-linux-x86_64-debian-clang, r-devel-linux-x86_64-debian-gcc, r-devel-linux-x86_64-fedora-clang, r-devel-linux-x86_64-fedora-gcc, r-devel-windows-x86_64, r-patched-linux-x86_64, r-release-linux-x86_64, r-release-macos-arm64, r-release-macos-x86_64, r-release-windows-x86_64, r-oldrel-macos-arm64, r-oldrel-macos-x86_64, r-oldrel-windows-x86_64