Last updated on 2024-04-22 23:09:55 CEST.
Flavor | Version | Tinstall | Tcheck | Ttotal | Status | Flags |
---|---|---|---|---|---|---|
r-devel-linux-x86_64-debian-clang | 1.1.7 | 152.78 | 222.21 | 374.99 | NOTE | |
r-devel-linux-x86_64-debian-gcc | 1.1.7 | 141.76 | 190.35 | 332.11 | NOTE | |
r-devel-linux-x86_64-fedora-clang | 1.1.7 | 483.31 | NOTE | |||
r-devel-linux-x86_64-fedora-gcc | 1.1.7 | 570.69 | NOTE | |||
r-prerel-macos-arm64 | 1.1.7 | 126.00 | NOTE | |||
r-prerel-macos-x86_64 | 1.1.7 | 289.00 | NOTE | |||
r-prerel-windows-x86_64 | 1.1.7 | 133.00 | 222.00 | 355.00 | NOTE | |
r-patched-linux-x86_64 | 1.1.7 | 132.39 | 250.70 | 383.09 | NOTE | |
r-release-linux-x86_64 | 1.1.7 | 128.22 | 249.88 | 378.10 | NOTE | |
r-release-macos-arm64 | 1.1.7 | 131.00 | NOTE | |||
r-release-macos-x86_64 | 1.1.7 | 275.00 | NOTE | |||
r-release-windows-x86_64 | 1.1.7 | 160.00 | 267.00 | 427.00 | NOTE | |
r-oldrel-macos-arm64 | 1.1.7 | 125.00 | NOTE | |||
r-oldrel-windows-x86_64 | 1.1.7 | 153.00 | 262.00 | 415.00 | NOTE |
Version: 1.1.7
Check: for GNU extensions in Makefiles
Result: NOTE
GNU make is a SystemRequirements.
Flavors: r-devel-linux-x86_64-debian-clang, r-devel-linux-x86_64-debian-gcc, r-devel-linux-x86_64-fedora-clang, r-devel-linux-x86_64-fedora-gcc, r-prerel-macos-arm64, r-prerel-macos-x86_64, r-prerel-windows-x86_64, r-patched-linux-x86_64, r-release-linux-x86_64, r-release-macos-arm64, r-release-macos-x86_64, r-release-windows-x86_64, r-oldrel-macos-arm64, r-oldrel-windows-x86_64
Version: 1.1.7
Check: installed package size
Result: NOTE
installed size is 38.4Mb
sub-directories of 1Mb or more:
libs 38.0Mb
Flavors: r-prerel-macos-arm64, r-prerel-macos-x86_64, r-release-macos-arm64, r-release-macos-x86_64, r-oldrel-macos-arm64