Last updated on 2023-09-21 23:03:24 CEST.
Flavor | Version | Tinstall | Tcheck | Ttotal | Status | Flags |
---|---|---|---|---|---|---|
r-devel-linux-x86_64-debian-clang | 2.7.1 | 255.41 | 179.09 | 434.50 | OK | |
r-devel-linux-x86_64-debian-gcc | 2.7.1 | 174.03 | 129.05 | 303.08 | OK | |
r-devel-linux-x86_64-fedora-clang | 2.7.1 | 591.58 | OK | |||
r-devel-linux-x86_64-fedora-gcc | 2.7.1 | 632.90 | OK | |||
r-devel-windows-x86_64 | 2.7.1 | 187.00 | 165.00 | 352.00 | NOTE | |
r-patched-linux-x86_64 | 2.7.1 | 216.59 | 170.36 | 386.95 | OK | |
r-release-linux-x86_64 | 2.7.1 | 190.86 | 169.89 | 360.75 | OK | |
r-release-macos-arm64 | 2.7.1 | 126.00 | NOTE | |||
r-release-macos-x86_64 | 2.7.1 | 217.00 | NOTE | |||
r-release-windows-x86_64 | 2.7.1 | 250.00 | 200.00 | 450.00 | NOTE | |
r-oldrel-macos-arm64 | 2.7.1 | 120.00 | NOTE | |||
r-oldrel-macos-x86_64 | 2.7.1 | 152.00 | NOTE | |||
r-oldrel-windows-x86_64 | 2.7.1 | 239.00 | 196.00 | 435.00 | NOTE |
Version: 2.7.1
Check: installed package size
Result: NOTE
installed size is 5.5Mb
sub-directories of 1Mb or more:
R 1.5Mb
data 2.3Mb
libs 1.3Mb
Flavors: r-devel-windows-x86_64, r-release-macos-arm64, r-release-macos-x86_64, r-release-windows-x86_64, r-oldrel-macos-arm64, r-oldrel-macos-x86_64, r-oldrel-windows-x86_64