CRAN Package Check Results for Package MASS

Last updated on 2017-12-13 21:50:55 CET.

Flavor Version Tinstall Tcheck Ttotal Status Flags
r-devel-linux-x86_64-debian-clang 7.3-47 9.53 78.10 87.63 OK
r-devel-linux-x86_64-debian-gcc 7.3-47 7.63 40.02 47.65 FAIL
r-devel-linux-x86_64-fedora-clang 7.3-47 104.07 OK
r-devel-linux-x86_64-fedora-gcc 7.3-47 103.17 OK
r-devel-windows-ix86+x86_64 7.3-47 40.00 107.00 147.00 OK
r-patched-linux-x86_64 7.3-47 8.29 78.51 86.80 OK
r-patched-solaris-x86 7.3-47 OK
r-release-linux-x86_64 7.3-47 8.07 80.65 88.72 OK
r-release-windows-ix86+x86_64 7.3-47 24.00 103.00 127.00 OK
r-release-osx-x86_64 7.3-47 OK
r-oldrel-windows-ix86+x86_64 7.3-47 35.00 129.00 164.00 OK
r-oldrel-osx-x86_64 7.3-47 OK

Check Details

Version: 7.3-47
Check: pragmas in C/C++ headers and code
Result: FAIL
    
Flavor: r-devel-linux-x86_64-debian-gcc