CRAN Package Check Results for Package MBCbook

Last updated on 2019-06-23 22:48:52 CEST.

Flavor Version Tinstall Tcheck Ttotal Status Flags
r-devel-linux-x86_64-debian-clang 0.1 3.56 51.00 54.56 OK
r-devel-linux-x86_64-debian-gcc 0.1 2.91 39.98 42.89 OK
r-devel-linux-x86_64-fedora-clang 0.1 63.36 NOTE
r-devel-linux-x86_64-fedora-gcc 0.1 61.64 NOTE
r-devel-windows-ix86+x86_64 0.1 11.00 93.00 104.00 OK
r-patched-linux-x86_64 0.1 3.80 50.13 53.93 OK
r-patched-solaris-x86 0.1 98.00 NOTE
r-release-linux-x86_64 0.1 3.88 50.13 54.01 OK
r-release-windows-ix86+x86_64 0.1 7.00 68.00 75.00 OK
r-release-osx-x86_64 0.1 NOTE
r-oldrel-windows-ix86+x86_64 0.1 4.00 86.00 90.00 OK
r-oldrel-osx-x86_64 0.1 NOTE

Check Details

Version: 0.1
Check: data for non-ASCII characters
Result: NOTE
     Note: found 66 marked UTF-8 strings
Flavors: r-devel-linux-x86_64-fedora-clang, r-devel-linux-x86_64-fedora-gcc, r-patched-solaris-x86, r-release-osx-x86_64, r-oldrel-osx-x86_64