Last updated on 2023-01-28 22:55:18 CET.
Flavor | Version | Tinstall | Tcheck | Ttotal | Status | Flags |
---|---|---|---|---|---|---|
r-devel-linux-x86_64-debian-clang | 0.4.1 | 9.85 | 529.07 | 538.92 | OK | |
r-devel-linux-x86_64-debian-gcc | 0.4.1 | 10.07 | 350.20 | 360.27 | OK | |
r-devel-linux-x86_64-fedora-clang | 0.4.1 | 658.72 | NOTE | |||
r-devel-linux-x86_64-fedora-gcc | 0.4.1 | 694.36 | NOTE | |||
r-devel-windows-x86_64 | 0.4.1 | 67.00 | 636.00 | 703.00 | OK | |
r-patched-linux-x86_64 | 0.4.1 | 15.31 | 490.25 | 505.56 | OK | |
r-release-linux-x86_64 | 0.4.1 | 11.76 | 501.11 | 512.87 | OK | |
r-release-macos-arm64 | 0.4.1 | 215.00 | NOTE | |||
r-release-macos-x86_64 | 0.4.1 | 266.00 | NOTE | |||
r-release-windows-x86_64 | 0.4.1 | 35.00 | 614.00 | 649.00 | OK | |
r-oldrel-macos-arm64 | 0.4.1 | 179.00 | NOTE | |||
r-oldrel-macos-x86_64 | 0.4.1 | 263.00 | NOTE | |||
r-oldrel-windows-ix86+x86_64 | 0.4.1 | 22.00 | 654.00 | 676.00 | OK |
Version: 0.4.1
Check: data for non-ASCII characters
Result: NOTE
Note: found 6 marked Latin-1 strings
Flavors: r-devel-linux-x86_64-fedora-clang, r-devel-linux-x86_64-fedora-gcc, r-release-macos-arm64, r-release-macos-x86_64, r-oldrel-macos-arm64, r-oldrel-macos-x86_64