CRAN Package Check Results for Package MCARtest

Last updated on 2023-10-02 22:08:04 CEST.

Flavor Version Tinstall Tcheck Ttotal Status Flags
r-devel-linux-x86_64-debian-clang 1.1 32.99 115.73 148.72 OK
r-devel-linux-x86_64-debian-gcc 1.1 21.50 84.71 106.21 OK
r-devel-linux-x86_64-fedora-clang 1.1 180.71 NOTE
r-devel-linux-x86_64-fedora-gcc 1.1 187.92 NOTE
r-devel-windows-x86_64 1.1 28.00 116.00 144.00 OK
r-patched-linux-x86_64 1.1 28.27 106.23 134.50 OK
r-release-linux-x86_64 1.1 29.69 107.82 137.51 OK
r-release-macos-arm64 1.1 47.00 OK
r-release-macos-x86_64 1.1 72.00 OK
r-release-windows-x86_64 1.1 33.00 140.00 173.00 OK
r-oldrel-macos-arm64 1.1 48.00 OK
r-oldrel-macos-x86_64 1.1 69.00 OK
r-oldrel-windows-x86_64 1.1 32.00 135.00 167.00 OK

Check Details

Version: 1.1
Check: dependencies in R code
Result: NOTE
    Namespace in Imports field not imported from: ‘Rdpack’
     All declared Imports should be used.
Flavors: r-devel-linux-x86_64-fedora-clang, r-devel-linux-x86_64-fedora-gcc