Last updated on 2024-05-03 22:53:17 CEST.
Flavor | Version | Tinstall | Tcheck | Ttotal | Status | Flags |
---|---|---|---|---|---|---|
r-devel-linux-x86_64-debian-clang | 0.1.1 | 3.09 | 37.93 | 41.02 | NOTE | |
r-devel-linux-x86_64-fedora-clang | 0.1.1 | 48.55 | NOTE | |||
r-devel-linux-x86_64-fedora-gcc | 0.1.1 | 46.04 | NOTE | |||
r-devel-windows-x86_64 | 0.1.1 | 3.00 | 46.00 | 49.00 | NOTE | |
r-patched-linux-x86_64 | 0.1.1 | 2.89 | 35.30 | 38.19 | NOTE | |
r-release-linux-x86_64 | 0.1.1 | 2.50 | 35.80 | 38.30 | NOTE | |
r-release-macos-arm64 | 0.1.1 | 17.00 | NOTE | |||
r-release-windows-x86_64 | 0.1.1 | 4.00 | 46.00 | 50.00 | NOTE | |
r-oldrel-macos-arm64 | 0.1.1 | 19.00 | NOTE | |||
r-oldrel-macos-x86_64 | 0.1.1 | 27.00 | NOTE | |||
r-oldrel-windows-x86_64 | 0.1.1 | 4.00 | 50.00 | 54.00 | NOTE |
Version: 0.1.1
Check: LazyData
Result: NOTE
'LazyData' is specified without a 'data' directory
Flavors: r-devel-linux-x86_64-debian-clang, r-devel-linux-x86_64-fedora-clang, r-devel-linux-x86_64-fedora-gcc, r-devel-windows-x86_64, r-patched-linux-x86_64, r-release-linux-x86_64, r-release-macos-arm64, r-release-windows-x86_64, r-oldrel-macos-arm64, r-oldrel-macos-x86_64, r-oldrel-windows-x86_64