CRAN Package Check Results for Package MCMCglmm

Last updated on 2018-09-23 22:47:02 CEST.

Flavor Version Tinstall Tcheck Ttotal Status Flags
r-devel-linux-x86_64-debian-clang 2.26 44.33 120.94 165.27 OK
r-devel-linux-x86_64-debian-gcc 2.26 31.65 94.45 126.10 OK
r-devel-linux-x86_64-fedora-clang 2.26 200.40 OK
r-devel-linux-x86_64-fedora-gcc 2.26 189.10 OK
r-devel-windows-ix86+x86_64 2.26 145.00 165.00 310.00 NOTE
r-patched-linux-x86_64 2.26 39.85 108.75 148.60 OK
r-patched-solaris-x86 2.26 208.90 OK
r-release-linux-x86_64 2.26 38.75 109.25 148.00 OK
r-release-windows-ix86+x86_64 2.26 120.00 192.00 312.00 NOTE
r-release-osx-x86_64 2.26 OK
r-oldrel-windows-ix86+x86_64 2.26 115.00 206.00 321.00 NOTE
r-oldrel-osx-x86_64 2.26 OK

Check Details

Version: 2.26
Check: installed package size
Result: NOTE
     installed size is 5.4Mb
     sub-directories of 1Mb or more:
     doc 3.3Mb
     libs 1.6Mb
Flavors: r-devel-windows-ix86+x86_64, r-release-windows-ix86+x86_64, r-oldrel-windows-ix86+x86_64