CRAN Package Check Results for Package MCMCglmm

Last updated on 2018-02-24 22:47:35 CET.

Flavor Version Tinstall Tcheck Ttotal Status Flags
r-devel-linux-x86_64-debian-clang 2.25 39.28 105.26 144.54 OK
r-devel-linux-x86_64-debian-gcc 2.25 30.10 82.21 112.31 OK
r-devel-linux-x86_64-fedora-clang 2.25 184.74 OK
r-devel-linux-x86_64-fedora-gcc 2.25 179.34 OK
r-devel-windows-ix86+x86_64 2.25 151.00 199.00 350.00 NOTE
r-patched-linux-x86_64 2.25 32.37 113.76 146.13 OK
r-patched-solaris-x86 2.25 199.30 OK
r-release-linux-x86_64 2.25 30.14 113.64 143.78 OK
r-release-windows-ix86+x86_64 2.25 106.00 198.00 304.00 NOTE
r-release-osx-x86_64 2.25 WARN
r-oldrel-windows-ix86+x86_64 2.25 115.00 138.00 253.00 NOTE
r-oldrel-osx-x86_64 2.25 OK

Check Details

Version: 2.25
Check: installed package size
Result: NOTE
     installed size is 5.4Mb
     sub-directories of 1Mb or more:
     doc 3.3Mb
     libs 1.6Mb
Flavors: r-devel-windows-ix86+x86_64, r-release-windows-ix86+x86_64, r-oldrel-windows-ix86+x86_64

Version: 2.25
Check: re-building of vignette outputs
Result: WARN
    Error in re-building vignettes:
     ...
    Error in texi2dvi(file = file, pdf = TRUE, clean = clean, quiet = quiet, :
     Running 'texi2dvi' on 'CourseNotes.tex' failed.
    LaTeX errors:
    ! LaTeX Error: File `tocbibind.sty' not found.
    
    Type X to quit or <RETURN> to proceed,
    or enter new name. (Default extension: sty)
    
    ! Emergency stop.
    <read *>
    
    l.14 \usepackage
     {makeidx}^^M
    ! ==> Fatal error occurred, no output PDF file produced!
    Calls: buildVignettes -> texi2pdf -> texi2dvi
    Execution halted
Flavor: r-release-osx-x86_64