CRAN Package Check Results for Package MCMCglmm

Last updated on 2018-06-24 22:49:26 CEST.

Flavor Version Tinstall Tcheck Ttotal Status Flags
r-devel-linux-x86_64-debian-clang 2.25 40.94 118.87 159.81 OK
r-devel-linux-x86_64-debian-gcc 2.25 29.37 92.23 121.60 OK
r-devel-linux-x86_64-fedora-clang 2.25 197.85 OK
r-devel-linux-x86_64-fedora-gcc 2.25 184.81 OK
r-devel-windows-ix86+x86_64 2.25 172.00 162.00 334.00 NOTE
r-patched-linux-x86_64 2.25 37.58 108.05 145.63 OK
r-patched-solaris-x86 2.25 203.30 OK
r-release-linux-x86_64 2.25 35.95 108.09 144.04 OK
r-release-windows-ix86+x86_64 2.25 150.00 196.00 346.00 NOTE
r-release-osx-x86_64 2.25 OK
r-oldrel-windows-ix86+x86_64 2.25 140.00 146.00 286.00 NOTE
r-oldrel-osx-x86_64 2.25 WARN

Check Details

Version: 2.25
Check: installed package size
Result: NOTE
     installed size is 5.4Mb
     sub-directories of 1Mb or more:
     doc 3.3Mb
     libs 1.6Mb
Flavors: r-devel-windows-ix86+x86_64, r-release-windows-ix86+x86_64, r-oldrel-windows-ix86+x86_64

Version: 2.25
Check: re-building of vignette outputs
Result: WARN
    Error in re-building vignettes:
     ...
    Error in texi2dvi(file = file, pdf = TRUE, clean = clean, quiet = quiet, :
     Running 'texi2dvi' on 'CourseNotes.tex' failed.
    LaTeX errors:
    ! LaTeX Error: File `tocbibind.sty' not found.
    
    Type X to quit or <RETURN> to proceed,
    or enter new name. (Default extension: sty)
    
    ! Emergency stop.
    <read *>
    
    l.14 \usepackage
     {makeidx}^^M
    ! ==> Fatal error occurred, no output PDF file produced!
    Calls: buildVignettes -> texi2pdf -> texi2dvi
    Execution halted
Flavor: r-oldrel-osx-x86_64