CRAN Package Check Results for Package MCMCglmm

Last updated on 2017-11-24 22:51:19 CET.

Flavor Version Tinstall Tcheck Ttotal Status Flags
r-devel-linux-x86_64-debian-clang 2.25 27.53 168.79 196.32 OK
r-devel-linux-x86_64-debian-gcc 2.25 25.52 158.85 184.36 OK
r-devel-linux-x86_64-fedora-clang 2.25 170.52 OK
r-devel-linux-x86_64-fedora-gcc 2.25 169.85 OK
r-devel-windows-ix86+x86_64 2.25 119.00 156.00 275.00 NOTE
r-patched-linux-x86_64 2.25 28.54 177.55 206.09 OK
r-patched-solaris-x86 2.25 214.50 OK
r-release-linux-x86_64 2.25 28.02 181.57 209.59 OK
r-release-windows-ix86+x86_64 2.25 109.00 157.00 266.00 NOTE
r-release-osx-x86_64 2.25 WARN
r-oldrel-windows-ix86+x86_64 2.25 111.00 136.00 247.00 NOTE
r-oldrel-osx-x86_64 2.25 OK

Check Details

Version: 2.25
Check: installed package size
Result: NOTE
     installed size is 5.2Mb
     sub-directories of 1Mb or more:
     doc 3.3Mb
     libs 1.6Mb
Flavors: r-devel-windows-ix86+x86_64, r-release-windows-ix86+x86_64, r-oldrel-windows-ix86+x86_64

Version: 2.25
Check: re-building of vignette outputs
Result: WARN
    Error in re-building vignettes:
     ...
    Error in texi2dvi(file = file, pdf = TRUE, clean = clean, quiet = quiet, :
     Running 'texi2dvi' on 'CourseNotes.tex' failed.
    LaTeX errors:
    ! LaTeX Error: File `tocbibind.sty' not found.
    
    Type X to quit or <RETURN> to proceed,
    or enter new name. (Default extension: sty)
    
    ! Emergency stop.
    <read *>
    
    l.14 \usepackage
     {makeidx}^^M
    ! ==> Fatal error occurred, no output PDF file produced!
    Calls: buildVignettes -> texi2pdf -> texi2dvi
    Execution halted
Flavor: r-release-osx-x86_64