CRAN Package Check Results for Package MCMCpack

Last updated on 2018-09-23 22:47:02 CEST.

Flavor Version Tinstall Tcheck Ttotal Status Flags
r-devel-linux-x86_64-debian-clang 1.4-4 491.65 107.69 599.34 OK
r-devel-linux-x86_64-debian-gcc 1.4-4 260.76 84.83 345.59 OK
r-devel-linux-x86_64-fedora-clang 1.4-4 891.94 NOTE
r-devel-linux-x86_64-fedora-gcc 1.4-4 525.80 OK
r-devel-windows-ix86+x86_64 1.4-4 618.00 207.00 825.00 NOTE
r-patched-linux-x86_64 1.4-4 301.65 95.54 397.19 OK
r-patched-solaris-x86 1.4-4 470.60 OK
r-release-linux-x86_64 1.4-4 307.10 95.28 402.38 OK
r-release-windows-ix86+x86_64 1.4-4 465.00 183.00 648.00 NOTE
r-release-osx-x86_64 1.4-3 NOTE
r-oldrel-windows-ix86+x86_64 1.4-4 431.00 185.00 616.00 NOTE
r-oldrel-osx-x86_64 1.4-3 NOTE

Check Details

Version: 1.4-4
Check: installed package size
Result: NOTE
     installed size is 39.8Mb
     sub-directories of 1Mb or more:
     libs 38.7Mb
Flavors: r-devel-linux-x86_64-fedora-clang, r-devel-windows-ix86+x86_64, r-release-windows-ix86+x86_64, r-oldrel-windows-ix86+x86_64

Version: 1.4-3
Check: installed package size
Result: NOTE
     installed size is 25.3Mb
     sub-directories of 1Mb or more:
     libs 24.2Mb
Flavors: r-release-osx-x86_64, r-oldrel-osx-x86_64