CRAN Package Check Results for Package MCMCpack

Last updated on 2017-11-24 22:51:19 CET.

Flavor Version Tinstall Tcheck Ttotal Status Flags
r-devel-linux-x86_64-debian-clang 1.4-0 351.99 136.22 488.21 OK
r-devel-linux-x86_64-debian-gcc 1.4-0 212.19 126.57 338.76 OK
r-devel-linux-x86_64-fedora-clang 1.4-0 667.39 NOTE
r-devel-linux-x86_64-fedora-gcc 1.4-0 466.03 NOTE
r-devel-windows-ix86+x86_64 1.4-0 477.00 147.00 624.00 NOTE
r-patched-linux-x86_64 1.4-0 249.50 144.94 394.45 OK
r-patched-solaris-x86 1.4-0 510.70 OK
r-release-linux-x86_64 1.4-0 254.54 144.55 399.09 OK
r-release-windows-ix86+x86_64 1.4-0 485.00 136.00 621.00 NOTE
r-release-osx-x86_64 1.4-0 NOTE
r-oldrel-windows-ix86+x86_64 1.4-0 483.00 132.00 615.00 NOTE
r-oldrel-osx-x86_64 1.4-0 NOTE

Check Details

Version: 1.4-0
Check: installed package size
Result: NOTE
     installed size is 35.6Mb
     sub-directories of 1Mb or more:
     libs 34.8Mb
Flavors: r-devel-linux-x86_64-fedora-clang, r-devel-linux-x86_64-fedora-gcc, r-devel-windows-ix86+x86_64, r-release-windows-ix86+x86_64, r-release-osx-x86_64, r-oldrel-windows-ix86+x86_64, r-oldrel-osx-x86_64