CRAN Package Check Results for Package MCMCpack

Last updated on 2019-06-18 22:50:26 CEST.

Flavor Version Tinstall Tcheck Ttotal Status Flags
r-devel-linux-x86_64-debian-clang 1.4-4 444.30 104.38 548.68 OK
r-devel-linux-x86_64-debian-gcc 1.4-4 261.40 82.47 343.87 OK
r-devel-linux-x86_64-fedora-clang 1.4-4 873.01 NOTE
r-devel-linux-x86_64-fedora-gcc 1.4-4 546.60 OK
r-devel-windows-ix86+x86_64 1.4-4 630.00 225.00 855.00 NOTE
r-patched-linux-x86_64 1.4-4 284.14 105.17 389.31 OK
r-patched-solaris-x86 1.4-4 978.90 NOTE
r-release-linux-x86_64 1.4-4 289.21 104.52 393.73 OK
r-release-windows-ix86+x86_64 1.4-4 624.00 218.00 842.00 NOTE
r-release-osx-x86_64 1.4-4 NOTE
r-oldrel-windows-ix86+x86_64 1.4-4 484.00 201.00 685.00 NOTE
r-oldrel-osx-x86_64 1.4-4 NOTE

Additional issues

LTO

Check Details

Version: 1.4-4
Check: installed package size
Result: NOTE
     installed size is 38.4Mb
     sub-directories of 1Mb or more:
     libs 37.4Mb
Flavors: r-devel-linux-x86_64-fedora-clang, r-devel-windows-ix86+x86_64, r-patched-solaris-x86, r-release-windows-ix86+x86_64, r-release-osx-x86_64, r-oldrel-windows-ix86+x86_64, r-oldrel-osx-x86_64