Last updated on 2023-12-05 23:05:26 CET.
Flavor | Version | Tinstall | Tcheck | Ttotal | Status | Flags |
---|---|---|---|---|---|---|
r-devel-linux-x86_64-debian-clang | 0.16.3 | 6.68 | 79.15 | 85.83 | NOTE | |
r-devel-linux-x86_64-debian-gcc | 0.16.3 | 5.73 | 60.20 | 65.93 | NOTE | |
r-devel-linux-x86_64-fedora-clang | 0.16.3 | 107.36 | NOTE | |||
r-devel-linux-x86_64-fedora-gcc | 0.16.3 | 114.36 | NOTE | |||
r-devel-windows-x86_64 | 0.16.3 | 7.00 | 77.00 | 84.00 | NOTE | |
r-patched-linux-x86_64 | 0.16.3 | 7.00 | 74.35 | 81.35 | NOTE | |
r-release-linux-x86_64 | 0.16.3 | 7.08 | 73.54 | 80.62 | NOTE | |
r-release-macos-arm64 | 0.16.3 | 37.00 | NOTE | |||
r-release-macos-x86_64 | 0.16.3 | 75.00 | NOTE | |||
r-release-windows-x86_64 | 0.16.3 | 9.00 | 94.00 | 103.00 | NOTE | |
r-oldrel-macos-arm64 | 0.16.3 | 38.00 | NOTE | |||
r-oldrel-macos-x86_64 | 0.16.3 | 52.00 | NOTE | |||
r-oldrel-windows-x86_64 | 0.16.3 | 9.00 | 92.00 | 101.00 | NOTE |
Version: 0.16.3
Check: package dependencies
Result: NOTE
Package suggested but not available for checking: ‘cmdstanr’
Flavors: r-devel-linux-x86_64-debian-clang, r-devel-linux-x86_64-debian-gcc, r-devel-linux-x86_64-fedora-clang, r-devel-linux-x86_64-fedora-gcc, r-devel-windows-x86_64, r-patched-linux-x86_64, r-release-linux-x86_64, r-release-macos-arm64, r-release-macos-x86_64, r-release-windows-x86_64, r-oldrel-macos-arm64, r-oldrel-macos-x86_64, r-oldrel-windows-x86_64