CRAN Package Check Results for Package MCPModGeneral

Last updated on 2023-10-02 22:08:04 CEST.

Flavor Version Tinstall Tcheck Ttotal Status Flags
r-devel-linux-x86_64-debian-clang 0.1-1 7.84 90.44 98.28 NOTE
r-devel-linux-x86_64-debian-gcc 0.1-1 4.85 67.02 71.87 NOTE
r-devel-linux-x86_64-fedora-clang 0.1-1 116.55 NOTE
r-devel-linux-x86_64-fedora-gcc 0.1-1 135.29 NOTE
r-devel-windows-x86_64 0.1-1 8.00 120.00 128.00 NOTE
r-patched-linux-x86_64 0.1-1 8.31 84.30 92.61 NOTE
r-release-linux-x86_64 0.1-1 4.58 84.18 88.76 NOTE
r-release-macos-arm64 0.1-1 51.00 NOTE
r-release-macos-x86_64 0.1-1 70.00 NOTE
r-release-windows-x86_64 0.1-1 10.00 104.00 114.00 NOTE
r-oldrel-macos-arm64 0.1-1 33.00 NOTE
r-oldrel-macos-x86_64 0.1-1 40.00 NOTE
r-oldrel-windows-x86_64 0.1-1 10.00 107.00 117.00 NOTE

Check Details

Version: 0.1-1
Check: LazyData
Result: NOTE
     'LazyData' is specified without a 'data' directory
Flavors: r-devel-linux-x86_64-debian-clang, r-devel-linux-x86_64-debian-gcc, r-devel-linux-x86_64-fedora-clang, r-devel-linux-x86_64-fedora-gcc, r-devel-windows-x86_64, r-patched-linux-x86_64, r-release-linux-x86_64, r-release-macos-arm64, r-release-macos-x86_64, r-release-windows-x86_64, r-oldrel-macos-arm64, r-oldrel-macos-x86_64, r-oldrel-windows-x86_64