Last updated on 2024-03-27 22:57:50 CET.
Flavor | Version | Tinstall | Tcheck | Ttotal | Status | Flags |
---|---|---|---|---|---|---|
r-devel-linux-x86_64-debian-clang | 1.0.1 | 6.13 | 71.71 | 77.84 | OK | |
r-devel-linux-x86_64-debian-gcc | 1.0.1 | 5.33 | 53.28 | 58.61 | OK | |
r-devel-linux-x86_64-fedora-clang | 1.0.1 | 102.68 | NOTE | |||
r-devel-linux-x86_64-fedora-gcc | 1.0.1 | 109.49 | OK | |||
r-devel-windows-x86_64 | 1.0.1 | 8.00 | 83.00 | 91.00 | NOTE | |
r-patched-linux-x86_64 | 1.0.1 | 10.86 | 66.37 | 77.23 | OK | |
r-release-linux-x86_64 | 1.0.1 | 6.62 | 66.59 | 73.21 | OK | |
r-release-macos-arm64 | 1.0.1 | 36.00 | NOTE | |||
r-release-macos-x86_64 | 1.0.1 | 61.00 | NOTE | |||
r-release-windows-x86_64 | 1.0.1 | 9.00 | 90.00 | 99.00 | NOTE | |
r-oldrel-macos-arm64 | 1.0.1 | 36.00 | NOTE | |||
r-oldrel-windows-x86_64 | 1.0.1 | 10.00 | 91.00 | 101.00 | NOTE |
Version: 1.0.1
Check: installed package size
Result: NOTE
installed size is 7.6Mb
sub-directories of 1Mb or more:
doc 1.9Mb
extdata 5.3Mb
Flavors: r-devel-linux-x86_64-fedora-clang, r-devel-windows-x86_64, r-release-macos-arm64, r-release-macos-x86_64, r-release-windows-x86_64, r-oldrel-macos-arm64, r-oldrel-windows-x86_64