Last updated on 2024-04-23 22:55:28 CEST.
Flavor | Version | Tinstall | Tcheck | Ttotal | Status | Flags |
---|---|---|---|---|---|---|
r-devel-linux-x86_64-debian-clang | 1.3.7 | 47.93 | 207.74 | 255.67 | NOTE | |
r-devel-linux-x86_64-debian-gcc | 1.3.7 | 33.12 | 150.43 | 183.55 | NOTE | |
r-devel-linux-x86_64-fedora-clang | 1.3.7 | 324.60 | NOTE | |||
r-devel-linux-x86_64-fedora-gcc | 1.3.7 | 338.44 | NOTE | |||
r-prerel-macos-arm64 | 1.3.7 | 109.00 | OK | |||
r-prerel-windows-x86_64 | 1.3.7 | 39.00 | 212.00 | 251.00 | OK | |
r-patched-linux-x86_64 | 1.3.7 | 43.68 | 192.91 | 236.59 | NOTE | |
r-release-linux-x86_64 | 1.3.7 | 30.16 | 193.13 | 223.29 | NOTE | |
r-release-macos-arm64 | 1.3.7 | 124.00 | OK | |||
r-release-macos-x86_64 | 1.3.7 | 187.00 | OK | |||
r-release-windows-x86_64 | 1.3.7 | 51.00 | 288.00 | 339.00 | OK | |
r-oldrel-macos-arm64 | 1.3.7 | 109.00 | OK | |||
r-oldrel-windows-x86_64 | 1.3.7 | 50.00 | 282.00 | 332.00 | OK |
Version: 1.3.7
Check: for non-standard things in the check directory
Result: NOTE
Found the following files/directories:
‘Data_Correlation.txt’ ‘correlation_FDR_table.txt’
Flavors: r-devel-linux-x86_64-debian-clang, r-devel-linux-x86_64-debian-gcc, r-devel-linux-x86_64-fedora-clang, r-devel-linux-x86_64-fedora-gcc, r-patched-linux-x86_64, r-release-linux-x86_64