CRAN Package Check Results for Package MFKnockoffs

Last updated on 2019-07-17 22:54:33 CEST.

Flavor Version Tinstall Tcheck Ttotal Status Flags
r-devel-linux-x86_64-debian-clang 0.9.1 2.25 957.55 959.80 OK
r-devel-linux-x86_64-debian-gcc 0.9.1 2.43 680.38 682.81 OK
r-devel-linux-x86_64-fedora-clang 0.9.1 1088.74 OK
r-devel-linux-x86_64-fedora-gcc 0.9.1 1178.26 OK
r-devel-windows-ix86+x86_64 0.9.1 7.00 1132.00 1139.00 NOTE
r-patched-linux-x86_64 0.9.1 2.67 902.97 905.64 OK
r-patched-solaris-x86 0.9.1 3155.80 OK
r-release-linux-x86_64 0.9.1 2.26 941.84 944.10 OK
r-release-windows-ix86+x86_64 0.9.1 5.00 1118.00 1123.00 NOTE
r-release-osx-x86_64 0.9.1 FAIL
r-oldrel-windows-ix86+x86_64 0.9.1 3.00 936.00 939.00 NOTE
r-oldrel-osx-x86_64 0.9.1 FAIL

Check Details

Version: 0.9.1
Check: package dependencies
Result: NOTE
    Package suggested but not available for checking: 'doMC'
Flavors: r-devel-windows-ix86+x86_64, r-release-windows-ix86+x86_64, r-oldrel-windows-ix86+x86_64

Version: 0.9.1
Check: re-building of vignette outputs
Result: FAIL
    
Flavor: r-release-osx-x86_64

Version: 0.9.1
Check: re-building of vignette outputs
Result: WARN
    Error in re-building vignettes:
     ...
    Warning in engine$weave(file, quiet = quiet, encoding = enc) :
     Pandoc (>= 1.12.3) and/or pandoc-citeproc not available. Falling back to R Markdown v1.
    Loading required package: Matrix
    Loading required package: foreach
    Loaded glmnet 2.0-16
    
    
    Execution halted
Flavor: r-oldrel-osx-x86_64

Version: 0.9.1
Check: PDF version of manual
Result: FAIL
    
Flavor: r-oldrel-osx-x86_64