Last updated on 2023-11-28 23:04:40 CET.
Flavor | Version | Tinstall | Tcheck | Ttotal | Status | Flags |
---|---|---|---|---|---|---|
r-devel-linux-x86_64-debian-clang | 0.2.0 | 11.55 | 103.54 | 115.09 | OK | |
r-devel-linux-x86_64-debian-gcc | 0.2.0 | 8.43 | 79.36 | 87.79 | OK | |
r-devel-linux-x86_64-fedora-clang | 0.2.0 | 142.32 | NOTE | |||
r-devel-linux-x86_64-fedora-gcc | 0.2.0 | 135.53 | NOTE | |||
r-devel-windows-x86_64 | 0.2.0 | 9.00 | 122.00 | 131.00 | OK | |
r-patched-linux-x86_64 | 0.2.0 | 8.96 | 102.47 | 111.43 | OK | |
r-release-linux-x86_64 | 0.2.0 | 10.46 | 102.48 | 112.94 | OK | |
r-release-macos-arm64 | 0.2.0 | 41.00 | OK | |||
r-release-macos-x86_64 | 0.2.0 | 72.00 | OK | |||
r-release-windows-x86_64 | 0.2.0 | 14.00 | 131.00 | 145.00 | OK | |
r-oldrel-macos-arm64 | 0.2.0 | 47.00 | OK | |||
r-oldrel-macos-x86_64 | 0.2.0 | 59.00 | NOTE | |||
r-oldrel-windows-x86_64 | 0.2.0 | 13.00 | 139.00 | 152.00 | OK |
Version: 0.2.0
Check: dependencies in R code
Result: NOTE
Namespace in Imports field not imported from: ‘fs’
All declared Imports should be used.
Flavors: r-devel-linux-x86_64-fedora-clang, r-devel-linux-x86_64-fedora-gcc, r-oldrel-macos-x86_64