Last updated on 2024-04-25 22:49:13 CEST.
Flavor | Version | Tinstall | Tcheck | Ttotal | Status | Flags |
---|---|---|---|---|---|---|
r-devel-linux-x86_64-debian-clang | 0.5 | 5.79 | 42.63 | 48.42 | OK | |
r-devel-linux-x86_64-debian-gcc | 0.5 | 3.53 | 31.26 | 34.79 | OK | |
r-devel-linux-x86_64-fedora-clang | 0.5 | 60.49 | NOTE | |||
r-devel-linux-x86_64-fedora-gcc | 0.5 | 68.79 | OK | |||
r-devel-windows-x86_64 | 0.5 | 5.00 | 52.00 | 57.00 | OK | |
r-patched-linux-x86_64 | 0.5 | 5.37 | 41.35 | 46.72 | OK | |
r-release-linux-x86_64 | 0.5 | 3.39 | 39.89 | 43.28 | OK | |
r-release-macos-arm64 | 0.5 | 26.00 | OK | |||
r-release-windows-x86_64 | 0.5 | 6.00 | 52.00 | 58.00 | OK | |
r-oldrel-macos-arm64 | 0.5 | 29.00 | OK | |||
r-oldrel-macos-x86_64 | 0.5 | 76.00 | OK | |||
r-oldrel-windows-x86_64 | 0.5 | 5.00 | 56.00 | 61.00 | OK |
Version: 0.5
Check: Rd cross-references
Result: NOTE
Undeclared package ‘rms’ in Rd xrefs
Flavor: r-devel-linux-x86_64-fedora-clang