Last updated on 2024-04-22 23:09:56 CEST.
Flavor | Version | Tinstall | Tcheck | Ttotal | Status | Flags |
---|---|---|---|---|---|---|
r-devel-linux-x86_64-debian-clang | 1.9 | 11.21 | 122.96 | 134.17 | NOTE | |
r-devel-linux-x86_64-debian-gcc | 1.9 | 8.43 | 90.79 | 99.22 | NOTE | |
r-devel-linux-x86_64-fedora-clang | 1.9 | 164.30 | NOTE | |||
r-devel-linux-x86_64-fedora-gcc | 1.9 | 181.76 | OK | |||
r-prerel-macos-arm64 | 1.9 | 44.00 | OK | |||
r-prerel-macos-x86_64 | 1.9 | 87.00 | OK | |||
r-prerel-windows-x86_64 | 1.9 | 12.00 | 111.00 | 123.00 | OK | |
r-patched-linux-x86_64 | 1.9 | 11.52 | 115.68 | 127.20 | OK | |
r-release-linux-x86_64 | 1.9 | 11.15 | 114.88 | 126.03 | OK | |
r-release-macos-arm64 | 1.9 | 51.00 | OK | |||
r-release-macos-x86_64 | 1.9 | 88.00 | NOTE | |||
r-release-windows-x86_64 | 1.9 | 15.00 | 131.00 | 146.00 | OK | |
r-oldrel-macos-arm64 | 1.9 | 53.00 | OK | |||
r-oldrel-windows-x86_64 | 1.9 | 15.00 | 129.00 | 144.00 | OK |
Version: 1.9
Check: Rd cross-references
Result: NOTE
Unknown package ‘genefilter’ in Rd xrefs
Flavors: r-devel-linux-x86_64-debian-clang, r-devel-linux-x86_64-debian-gcc
Version: 1.9
Check: Rd cross-references
Result: NOTE
Undeclared packages ‘rms’, ‘Hmisc’, ‘genefilter’ in Rd xrefs
Flavor: r-devel-linux-x86_64-fedora-clang
Version: 1.9
Check: Rd cross-references
Result: NOTE
Package unavailable to check Rd xrefs: ‘genefilter’
Flavor: r-release-macos-x86_64