Last updated on 2024-03-27 22:57:51 CET.
Flavor | Version | Tinstall | Tcheck | Ttotal | Status | Flags |
---|---|---|---|---|---|---|
r-devel-linux-x86_64-debian-clang | 0.1.2 | 6.42 | 50.48 | 56.90 | OK | |
r-devel-linux-x86_64-debian-gcc | 0.1.2 | 4.76 | 37.78 | 42.54 | OK | |
r-devel-linux-x86_64-fedora-clang | 0.1.2 | 72.20 | OK | |||
r-devel-linux-x86_64-fedora-gcc | 0.1.2 | 80.45 | OK | |||
r-devel-windows-x86_64 | 0.1.2 | 6.00 | 63.00 | 69.00 | OK | |
r-patched-linux-x86_64 | 0.1.2 | 4.74 | 47.58 | 52.32 | OK | |
r-release-linux-x86_64 | 0.1.2 | 6.25 | 47.67 | 53.92 | OK | |
r-release-macos-arm64 | 0.1.2 | 35.00 | OK | |||
r-release-macos-x86_64 | 0.1.2 | 67.00 | OK | |||
r-release-windows-x86_64 | 0.1.2 | 8.00 | 66.00 | 74.00 | OK | |
r-oldrel-macos-arm64 | 0.1.1 | 25.00 | NOTE |
Version: 0.1.1
Check: LazyData
Result: NOTE
'LazyData' is specified without a 'data' directory
Flavor: r-oldrel-macos-arm64