CRAN Package Check Results for Package MNP

Last updated on 2018-07-17 22:50:45 CEST.

Flavor Version Tinstall Tcheck Ttotal Status Flags
r-devel-linux-x86_64-debian-clang 3.1-0 4.64 46.11 50.75 OK
r-devel-linux-x86_64-debian-gcc 3.1-0 3.64 35.89 39.53 OK
r-devel-linux-x86_64-fedora-clang 3.1-0 60.59 OK
r-devel-linux-x86_64-fedora-gcc 3.1-0 61.10 OK
r-devel-windows-ix86+x86_64 3.1-0 16.00 81.00 97.00 OK
r-patched-linux-x86_64 3.1-0 4.10 44.74 48.84 OK
r-patched-solaris-x86 3.1-0 102.90 OK
r-release-linux-x86_64 3.1-0 4.17 44.50 48.67 OK
r-release-windows-ix86+x86_64 3.1-0 17.00 107.00 124.00 OK
r-release-osx-x86_64 3.1-0 OK
r-oldrel-windows-ix86+x86_64 3.1-0 12.00 77.00 89.00 OK
r-oldrel-osx-x86_64 3.1-0 WARN

Check Details

Version: 3.1-0
Check: re-building of vignette outputs
Result: WARN
    Error in re-building vignettes:
     ...
    Error in texi2dvi(file = file, pdf = TRUE, clean = clean, quiet = quiet, :
     Running 'texi2dvi' on 'MNP.tex' failed.
    LaTeX errors:
    ! LaTeX Error: File `titlesec.sty' not found.
    
    Type X to quit or <RETURN> to proceed,
    or enter new name. (Default extension: sty)
    
    ! Emergency stop.
    <read *>
    
    l.29 ^^M
    
    ! ==> Fatal error occurred, no output PDF file produced!
    Calls: buildVignettes -> texi2pdf -> texi2dvi
    Execution halted
Flavor: r-oldrel-osx-x86_64