CRAN Package Check Results for Package MPBoost

Last updated on 2023-12-09 21:54:23 CET.

Flavor Version Tinstall Tcheck Ttotal Status Flags
r-devel-linux-x86_64-debian-clang 0.1-5 27.78 43.12 70.90 NOTE
r-devel-linux-x86_64-debian-gcc 0.1-5 20.29 33.92 54.21 NOTE
r-devel-linux-x86_64-fedora-clang 0.1-5 97.48 NOTE
r-devel-linux-x86_64-fedora-gcc 0.1-5 108.97 NOTE
r-devel-windows-x86_64 0.1-5 23.00 100.00 123.00 NOTE
r-patched-linux-x86_64 0.1-5 23.52 42.27 65.79 NOTE
r-release-linux-x86_64 0.1-5 23.20 41.97 65.17 NOTE
r-release-macos-arm64 0.1-5 38.00 NOTE
r-release-macos-x86_64 0.1-5 51.00 NOTE
r-release-windows-x86_64 0.1-5 22.00 88.00 110.00 NOTE
r-oldrel-macos-arm64 0.1-5 36.00 OK
r-oldrel-macos-x86_64 0.1-5 42.00 OK
r-oldrel-windows-x86_64 0.1-5 35.00 91.00 126.00 OK

Check Details

Version: 0.1-5
Check: C++ specification
Result: NOTE Specified C++11: please drop specification unless essential Flavors: r-devel-linux-x86_64-debian-clang, r-devel-linux-x86_64-debian-gcc, r-devel-linux-x86_64-fedora-clang, r-devel-linux-x86_64-fedora-gcc, r-devel-windows-x86_64, r-patched-linux-x86_64, r-release-linux-x86_64, r-release-macos-arm64, r-release-macos-x86_64, r-release-windows-x86_64