Last updated on 2023-09-29 21:53:59 CEST.
Flavor | Version | Tinstall | Tcheck | Ttotal | Status | Flags |
---|---|---|---|---|---|---|
r-devel-linux-x86_64-debian-clang | 1.1 | 8.77 | 69.13 | 77.90 | NOTE | |
r-devel-linux-x86_64-debian-gcc | 1.1 | 6.31 | 53.08 | 59.39 | NOTE | |
r-devel-linux-x86_64-fedora-clang | 1.1 | 91.24 | NOTE | |||
r-devel-linux-x86_64-fedora-gcc | 1.1 | 99.74 | NOTE | |||
r-devel-windows-x86_64 | 1.1 | 7.00 | 68.00 | 75.00 | NOTE | |
r-patched-linux-x86_64 | 1.1 | 7.38 | 66.30 | 73.68 | OK | |
r-release-linux-x86_64 | 1.1 | 6.88 | 67.39 | 74.27 | OK | |
r-release-macos-arm64 | 1.1 | 36.00 | OK | |||
r-release-macos-x86_64 | 1.1 | 49.00 | OK | |||
r-release-windows-x86_64 | 1.1 | 9.00 | 81.00 | 90.00 | OK | |
r-oldrel-macos-arm64 | 1.1 | 32.00 | OK | |||
r-oldrel-macos-x86_64 | 1.1 | 41.00 | OK | |||
r-oldrel-windows-x86_64 | 1.1 | 10.00 | 82.00 | 92.00 | OK |
Version: 1.1
Check: Rd metadata
Result: NOTE
Rd files without \alias:
‘MPLikelihoodWB-package.Rd’
Flavors: r-devel-linux-x86_64-debian-clang, r-devel-linux-x86_64-debian-gcc, r-devel-linux-x86_64-fedora-clang, r-devel-linux-x86_64-fedora-gcc, r-devel-windows-x86_64