Last updated on 2024-03-27 22:57:51 CET.
Flavor | Version | Tinstall | Tcheck | Ttotal | Status | Flags |
---|---|---|---|---|---|---|
r-devel-linux-x86_64-debian-clang | 1.14.1 | 78.63 | 246.58 | 325.21 | NOTE | |
r-devel-linux-x86_64-debian-gcc | 1.14.1 | 61.58 | 185.95 | 247.53 | NOTE | |
r-devel-linux-x86_64-fedora-clang | 1.14.1 | 412.60 | NOTE | |||
r-devel-linux-x86_64-fedora-gcc | 1.14.1 | 416.35 | NOTE | |||
r-devel-windows-x86_64 | 1.14.1 | 57.00 | 234.00 | 291.00 | NOTE | |
r-patched-linux-x86_64 | 1.14.1 | 78.76 | 238.76 | 317.52 | OK | |
r-release-linux-x86_64 | 1.14.1 | 74.57 | 231.36 | 305.93 | OK | |
r-release-macos-arm64 | 1.14.1 | 123.00 | NOTE | |||
r-release-macos-x86_64 | 1.14.1 | 199.00 | NOTE | |||
r-release-windows-x86_64 | 1.14.1 | 73.00 | 283.00 | 356.00 | OK | |
r-oldrel-macos-arm64 | 1.14.1 | 85.00 | NOTE | |||
r-oldrel-windows-x86_64 | 1.14.1 | 67.00 | 277.00 | 344.00 | OK |
Version: 1.14.1
Check: Rd files
Result: NOTE
checkRd: (-1) get.mpt.fia.Rd:60: Lost braces
60 | \item{lnconst}{When inequality constraints are present, \code{lnconst} serves as an adjustment of code{lnInt}. It estimates the logarithm of the proportion of parameter space [0,1]^S that satisfies those inequality constraints, and the log integral term is given by \code{lnInt+lnconst}.
| ^
checkRd: (-1) prediction.plot.Rd:38: Lost braces
38 | The labels on the x-axis. Default is \code{Tree 1} to code{Tree n}.
| ^
Flavors: r-devel-linux-x86_64-debian-clang, r-devel-linux-x86_64-debian-gcc, r-devel-linux-x86_64-fedora-clang, r-devel-linux-x86_64-fedora-gcc, r-devel-windows-x86_64
Version: 1.14.1
Check: installed package size
Result: NOTE
installed size is 10.6Mb
sub-directories of 1Mb or more:
libs 9.4Mb
Flavors: r-release-macos-arm64, r-release-macos-x86_64, r-oldrel-macos-arm64