CRAN Package Check Results for Package MSBVAR

Last updated on 2017-11-23 22:47:02 CET.

Flavor Version Tinstall Tcheck Ttotal Status Flags
r-devel-linux-x86_64-debian-clang 0.9-3 17.65 65.22 82.87 NOTE
r-devel-linux-x86_64-debian-gcc 0.9-3 19.46 88.87 108.33 NOTE
r-devel-linux-x86_64-fedora-clang 0.9-3 99.06 NOTE
r-devel-linux-x86_64-fedora-gcc 0.9-3 89.51 NOTE
r-devel-windows-ix86+x86_64 0.9-3 83.00 106.00 189.00 OK
r-patched-linux-x86_64 0.9-3 22.71 98.67 121.38 NOTE
r-patched-solaris-x86 0.9-3 174.50 OK
r-release-linux-x86_64 0.9-3 16.81 38.83 55.64 NOTE
r-release-windows-ix86+x86_64 0.9-3 86.00 98.00 184.00 OK
r-release-osx-x86_64 0.9-3 OK
r-oldrel-windows-ix86+x86_64 0.9-3 93.00 92.00 185.00 OK
r-oldrel-osx-x86_64 0.9-3 OK

Additional issues

rchk

Check Details

Version: 0.9-3
Check: compiled code
Result: NOTE
    File ‘MSBVAR/libs/MSBVAR.so’:
     Found no call to: ‘R_useDynamicSymbols’
    
    It is good practice to register native routines and to disable symbol
    search.
    
    See ‘Writing portable packages’ in the ‘Writing R Extensions’ manual.
Flavors: r-devel-linux-x86_64-debian-clang, r-devel-linux-x86_64-debian-gcc, r-devel-linux-x86_64-fedora-clang, r-devel-linux-x86_64-fedora-gcc, r-patched-linux-x86_64, r-release-linux-x86_64