CRAN Package Check Results for Package MSBVAR

Last updated on 2018-02-24 22:47:36 CET.

Flavor Version Tinstall Tcheck Ttotal Status Flags
r-devel-linux-x86_64-debian-clang 0.9-3 31.61 54.04 85.65 NOTE
r-devel-linux-x86_64-debian-gcc 0.9-3 24.79 41.42 66.21 NOTE
r-devel-linux-x86_64-fedora-clang 0.9-3 115.23 NOTE
r-devel-linux-x86_64-fedora-gcc 0.9-3 107.80 NOTE
r-devel-windows-ix86+x86_64 0.9-3 125.00 117.00 242.00 OK
r-patched-linux-x86_64 0.9-3 22.85 61.37 84.22 NOTE
r-patched-solaris-x86 0.9-3 133.50 OK
r-release-linux-x86_64 0.9-3 22.71 62.28 84.99 NOTE
r-release-windows-ix86+x86_64 0.9-3 83.00 124.00 207.00 OK
r-release-osx-x86_64 0.9-3 OK
r-oldrel-windows-ix86+x86_64 0.9-3 81.00 92.00 173.00 OK
r-oldrel-osx-x86_64 0.9-3 OK

Additional issues

rchk

Check Details

Version: 0.9-3
Check: compiled code
Result: NOTE
    File ‘MSBVAR/libs/MSBVAR.so’:
     Found no call to: ‘R_useDynamicSymbols’
    
    It is good practice to register native routines and to disable symbol
    search.
    
    See ‘Writing portable packages’ in the ‘Writing R Extensions’ manual.
Flavors: r-devel-linux-x86_64-debian-clang, r-devel-linux-x86_64-debian-gcc, r-devel-linux-x86_64-fedora-clang, r-devel-linux-x86_64-fedora-gcc, r-patched-linux-x86_64, r-release-linux-x86_64