Last updated on 2024-03-27 22:57:51 CET.
Flavor | Version | Tinstall | Tcheck | Ttotal | Status | Flags |
---|---|---|---|---|---|---|
r-devel-linux-x86_64-debian-clang | 3.0 | 33.11 | 155.53 | 188.64 | OK | |
r-devel-linux-x86_64-debian-gcc | 3.0 | 26.08 | 109.20 | 135.28 | OK | |
r-devel-linux-x86_64-fedora-clang | 3.0 | 233.46 | NOTE | |||
r-devel-linux-x86_64-fedora-gcc | 3.0 | 220.47 | NOTE | |||
r-devel-windows-x86_64 | 3.0 | 27.00 | 106.00 | 133.00 | OK | |
r-patched-linux-x86_64 | 3.0 | 32.08 | 146.33 | 178.41 | OK | |
r-release-linux-x86_64 | 3.0 | 29.56 | 149.64 | 179.20 | OK | |
r-release-macos-arm64 | 3.0 | 60.00 | OK | |||
r-release-macos-x86_64 | 3.0 | 93.00 | OK | |||
r-release-windows-x86_64 | 3.0 | 36.00 | 130.00 | 166.00 | OK | |
r-oldrel-macos-arm64 | 3.0 | 53.00 | NOTE | |||
r-oldrel-windows-x86_64 | 3.0 | 38.00 | 134.00 | 172.00 | OK |
Version: 3.0
Check: dependencies in R code
Result: NOTE
Namespaces in Imports field not imported from:
‘datasets’ ‘grDevices’ ‘graphics’ ‘iterators’ ‘methods’
All declared Imports should be used.
Flavors: r-devel-linux-x86_64-fedora-clang, r-devel-linux-x86_64-fedora-gcc, r-oldrel-macos-arm64