Last updated on 2024-03-28 23:01:50 CET.
Flavor | Version | Tinstall | Tcheck | Ttotal | Status | Flags |
---|---|---|---|---|---|---|
r-devel-linux-x86_64-debian-clang | 1.1.0 | 5.23 | 51.67 | 56.90 | NOTE | |
r-devel-linux-x86_64-debian-gcc | 1.1.0 | 4.62 | 40.46 | 45.08 | NOTE | |
r-devel-linux-x86_64-fedora-clang | 1.1.0 | 72.14 | NOTE | |||
r-devel-linux-x86_64-fedora-gcc | 1.1.0 | 69.67 | NOTE | |||
r-devel-windows-x86_64 | 1.1.0 | 5.00 | 65.00 | 70.00 | NOTE | |
r-patched-linux-x86_64 | 1.1.0 | 6.08 | 49.47 | 55.55 | NOTE | |
r-release-linux-x86_64 | 1.1.0 | 6.59 | 51.95 | 58.54 | OK | |
r-release-macos-arm64 | 1.1.0 | 26.00 | OK | |||
r-release-macos-x86_64 | 1.1.0 | 38.00 | OK | |||
r-release-windows-x86_64 | 1.1.0 | 8.00 | 71.00 | 79.00 | OK | |
r-oldrel-macos-arm64 | 1.1.0 | 26.00 | OK | |||
r-oldrel-windows-x86_64 | 1.1.0 | 9.00 | 79.00 | 88.00 | OK |
Version: 1.1.0
Check: Rd contents
Result: NOTE
Argument items with no description in Rd file 'DAGOSTINO.Rd':
‘data’
Argument items with no description in Rd file 'HZ.test.Rd':
‘data’
Argument items with no description in Rd file 'MardiaTest.Rd':
‘data’
Argument items with no description in Rd file 'Royston.test.Rd':
‘data’
Argument items with no description in Rd file 'gen.var.Rd':
‘\dots’
Argument items with no description in Rd file 'larg.ellip.Rd':
‘n’ ‘box’ ‘add’ ‘xlim’ ‘ylim’ ‘zlim’ ‘xlab’ ‘ylab’ ‘zlab’ ‘col’
‘alpha’ ‘\dots’
Argument items with no description in Rd file 'prism.Rd':
‘add’
Flavors: r-devel-linux-x86_64-debian-clang, r-devel-linux-x86_64-debian-gcc, r-devel-linux-x86_64-fedora-clang, r-devel-linux-x86_64-fedora-gcc, r-devel-windows-x86_64, r-patched-linux-x86_64