Last updated on 2023-02-06 21:54:52 CET.
Flavor | Version | Tinstall | Tcheck | Ttotal | Status | Flags |
---|---|---|---|---|---|---|
r-devel-linux-x86_64-debian-clang | 1.3.7 | 19.62 | 347.89 | 367.51 | OK | |
r-devel-linux-x86_64-debian-gcc | 1.3.7 | 14.26 | 258.52 | 272.78 | OK | |
r-devel-linux-x86_64-fedora-clang | 1.3.7 | 421.91 | NOTE | |||
r-devel-linux-x86_64-fedora-gcc | 1.3.7 | 420.81 | NOTE | |||
r-devel-windows-x86_64 | 1.3.7 | 28.00 | 311.00 | 339.00 | OK | |
r-patched-linux-x86_64 | 1.3.7 | 16.20 | 313.25 | 329.45 | OK | |
r-release-linux-x86_64 | 1.3.7 | 15.72 | 326.06 | 341.78 | OK | |
r-release-macos-arm64 | 1.3.7 | 96.00 | NOTE | |||
r-release-macos-x86_64 | 1.3.7 | 176.00 | NOTE | |||
r-release-windows-x86_64 | 1.3.7 | 25.00 | 328.00 | 353.00 | OK | |
r-oldrel-macos-arm64 | 1.3.7 | 107.00 | NOTE | |||
r-oldrel-macos-x86_64 | 1.3.7 | 124.00 | NOTE | |||
r-oldrel-windows-ix86+x86_64 | 1.3.7 | 40.00 | 311.00 | 351.00 | OK |
Version: 1.3.7
Check: dependencies in R code
Result: NOTE
Namespace in Imports field not imported from: ‘ranger’
All declared Imports should be used.
Flavors: r-devel-linux-x86_64-fedora-clang, r-devel-linux-x86_64-fedora-gcc, r-release-macos-arm64, r-release-macos-x86_64, r-oldrel-macos-arm64, r-oldrel-macos-x86_64