Last updated on 2021-04-16 22:51:05 CEST.
Flavor | Version | Tinstall | Tcheck | Ttotal | Status | Flags |
---|---|---|---|---|---|---|
r-devel-linux-x86_64-debian-clang | 0.2.1 | 35.48 | 64.63 | 100.11 | NOTE | |
r-devel-linux-x86_64-debian-gcc | 0.2.1 | 25.82 | 48.09 | 73.91 | NOTE | |
r-devel-linux-x86_64-fedora-clang | 0.2.1 | 138.09 | NOTE | |||
r-devel-linux-x86_64-fedora-gcc | 0.2.1 | 126.83 | NOTE | |||
r-devel-windows-ix86+x86_64 | 0.2.1 | 86.00 | 136.00 | 222.00 | NOTE | |
r-devel-windows-x86_64-gcc10-UCRT | 0.2.1 | NOTE | ||||
r-patched-linux-x86_64 | 0.2.1 | 30.82 | 61.80 | 92.62 | OK | |
r-patched-solaris-x86 | 0.2.1 | 144.80 | OK | |||
r-release-linux-x86_64 | 0.2.1 | 28.69 | 61.52 | 90.21 | OK | |
r-release-macos-x86_64 | 0.2.1 | OK | ||||
r-release-windows-ix86+x86_64 | 0.2.1 | 67.00 | 142.00 | 209.00 | OK | |
r-oldrel-macos-x86_64 | 0.2.1 | OK | ||||
r-oldrel-windows-ix86+x86_64 | 0.2.1 | 52.00 | 103.00 | 155.00 | OK |
Version: 0.2.1
Check: LazyData
Result: NOTE
'LazyData' is specified without a 'data' directory
Flavors: r-devel-linux-x86_64-debian-clang, r-devel-linux-x86_64-debian-gcc, r-devel-linux-x86_64-fedora-clang, r-devel-linux-x86_64-fedora-gcc, r-devel-windows-ix86+x86_64, r-devel-windows-x86_64-gcc10-UCRT