Last updated on 2024-04-23 22:55:29 CEST.
Flavor | Version | Tinstall | Tcheck | Ttotal | Status | Flags |
---|---|---|---|---|---|---|
r-devel-linux-x86_64-debian-clang | 1.2.1 | 75.05 | 204.03 | 279.08 | OK | |
r-devel-linux-x86_64-debian-gcc | 1.2.1 | 52.99 | 140.43 | 193.42 | OK | |
r-devel-linux-x86_64-fedora-clang | 1.2.1 | 339.49 | OK | |||
r-devel-linux-x86_64-fedora-gcc | 1.2.1 | 336.84 | OK | |||
r-prerel-macos-arm64 | 1.2.1 | 79.00 | NOTE | |||
r-prerel-windows-x86_64 | 1.2.1 | 55.00 | 174.00 | 229.00 | OK | |
r-patched-linux-x86_64 | 1.2.1 | 71.67 | 183.61 | 255.28 | OK | |
r-release-linux-x86_64 | 1.2.1 | 67.20 | 187.71 | 254.91 | OK | |
r-release-macos-arm64 | 1.2.1 | 90.00 | OK | |||
r-release-macos-x86_64 | 1.2.1 | 148.00 | OK | |||
r-release-windows-x86_64 | 1.2.1 | 74.00 | 218.00 | 292.00 | OK | |
r-oldrel-macos-arm64 | 1.2.1 | 68.00 | OK | |||
r-oldrel-windows-x86_64 | 1.2.1 | 70.00 | 200.00 | 270.00 | OK |
Version: 1.2.1
Check: installed package size
Result: NOTE
installed size is 5.2Mb
sub-directories of 1Mb or more:
libs 4.3Mb
Flavor: r-prerel-macos-arm64