Last updated on 2024-04-19 22:55:54 CEST.
Flavor | Version | Tinstall | Tcheck | Ttotal | Status | Flags |
---|---|---|---|---|---|---|
r-devel-linux-x86_64-debian-clang | 0.3.2 | 2.50 | 30.76 | 33.26 | NOTE | |
r-devel-linux-x86_64-debian-gcc | 0.3.2 | NOTE | ||||
r-devel-linux-x86_64-fedora-clang | 0.3.2 | 42.99 | NOTE | |||
r-devel-linux-x86_64-fedora-gcc | 0.3.2 | 41.04 | NOTE | |||
r-prerel-macos-arm64 | 0.3.2 | 16.00 | NOTE | |||
r-prerel-windows-x86_64 | 0.3.2 | 4.00 | 45.00 | 49.00 | NOTE | |
r-patched-linux-x86_64 | 0.3.2 | 2.85 | 29.82 | 32.67 | NOTE | |
r-release-linux-x86_64 | 0.3.2 | 3.08 | 31.01 | 34.09 | NOTE | |
r-release-macos-arm64 | 0.3.2 | 16.00 | NOTE | |||
r-release-macos-x86_64 | 0.3.2 | 25.00 | NOTE | |||
r-release-windows-x86_64 | 0.3.2 | 5.00 | 48.00 | 53.00 | NOTE | |
r-oldrel-macos-arm64 | 0.3.2 | 19.00 | NOTE | |||
r-oldrel-windows-x86_64 | 0.3.2 | 5.00 | 53.00 | 58.00 | NOTE |
Version: 0.3.2
Check: LazyData
Result: NOTE
'LazyData' is specified without a 'data' directory
Flavors: r-devel-linux-x86_64-debian-clang, r-devel-linux-x86_64-debian-gcc, r-devel-linux-x86_64-fedora-clang, r-devel-linux-x86_64-fedora-gcc, r-prerel-macos-arm64, r-prerel-windows-x86_64, r-patched-linux-x86_64, r-release-linux-x86_64, r-release-macos-arm64, r-release-macos-x86_64, r-release-windows-x86_64, r-oldrel-macos-arm64, r-oldrel-windows-x86_64