Last updated on 2023-12-07 21:55:51 CET.
Flavor | Version | Tinstall | Tcheck | Ttotal | Status | Flags |
---|---|---|---|---|---|---|
r-devel-linux-x86_64-debian-clang | 0.1.14 | 164.56 | 221.33 | 385.89 | OK | |
r-devel-linux-x86_64-debian-gcc | 0.1.14 | 119.27 | 163.78 | 283.05 | OK | |
r-devel-linux-x86_64-fedora-clang | 0.1.14 | 509.92 | OK | |||
r-devel-linux-x86_64-fedora-gcc | 0.1.14 | 520.97 | OK | |||
r-devel-windows-x86_64 | 0.1.14 | 124.00 | 193.00 | 317.00 | OK | |
r-patched-linux-x86_64 | 0.1.14 | 130.28 | 216.14 | 346.42 | OK | |
r-release-linux-x86_64 | 0.1.14 | 154.00 | 212.61 | 366.61 | OK | |
r-release-macos-arm64 | 0.1.14 | 132.00 | NOTE | |||
r-release-macos-x86_64 | 0.1.14 | 263.00 | NOTE | |||
r-release-windows-x86_64 | 0.1.14 | 165.00 | 245.00 | 410.00 | OK | |
r-oldrel-macos-arm64 | 0.1.14 | 104.00 | NOTE | |||
r-oldrel-macos-x86_64 | 0.1.14 | 161.00 | NOTE | |||
r-oldrel-windows-x86_64 | 0.1.14 | 140.00 | 241.00 | 381.00 | OK |
Version: 0.1.14
Check: installed package size
Result: NOTE
installed size is 11.3Mb
sub-directories of 1Mb or more:
R 2.0Mb
libs 9.0Mb
Flavors: r-release-macos-arm64, r-release-macos-x86_64, r-oldrel-macos-arm64, r-oldrel-macos-x86_64