Last updated on 2023-12-03 22:57:12 CET.
Flavor | Version | Tinstall | Tcheck | Ttotal | Status | Flags |
---|---|---|---|---|---|---|
r-devel-linux-x86_64-debian-clang | 0.2 | 34.55 | 46.41 | 80.96 | NOTE | |
r-devel-linux-x86_64-debian-gcc | 0.2 | 25.33 | 37.95 | 63.28 | NOTE | |
r-devel-linux-x86_64-fedora-clang | 0.2 | 113.33 | NOTE | |||
r-devel-linux-x86_64-fedora-gcc | 0.2 | 112.21 | NOTE | |||
r-devel-windows-x86_64 | 0.2 | 29.00 | 74.00 | 103.00 | NOTE | |
r-patched-linux-x86_64 | 0.2 | 33.27 | 48.24 | 81.51 | NOTE | |
r-release-linux-x86_64 | 0.2 | 27.19 | 48.71 | 75.90 | NOTE | |
r-release-macos-arm64 | 0.2 | 42.00 | NOTE | |||
r-release-macos-x86_64 | 0.2 | 55.00 | NOTE | |||
r-release-windows-x86_64 | 0.2 | 36.00 | 84.00 | 120.00 | NOTE | |
r-oldrel-macos-arm64 | 0.2 | 38.00 | NOTE | |||
r-oldrel-macos-x86_64 | 0.2 | 43.00 | NOTE | |||
r-oldrel-windows-x86_64 | 0.2 | 32.00 | 85.00 | 117.00 | NOTE |
Version: 0.2
Check: LazyData
Result: NOTE
'LazyData' is specified without a 'data' directory
Flavors: r-devel-linux-x86_64-debian-clang, r-devel-linux-x86_64-debian-gcc, r-devel-linux-x86_64-fedora-clang, r-devel-linux-x86_64-fedora-gcc, r-devel-windows-x86_64, r-patched-linux-x86_64, r-release-linux-x86_64, r-release-macos-arm64, r-release-macos-x86_64, r-release-windows-x86_64, r-oldrel-macos-arm64, r-oldrel-macos-x86_64, r-oldrel-windows-x86_64