Last updated on 2024-03-27 22:57:50 CET.
Flavor | Version | Tinstall | Tcheck | Ttotal | Status | Flags |
---|---|---|---|---|---|---|
r-devel-linux-x86_64-debian-clang | 0.8.6 | 7.55 | 116.37 | 123.92 | OK | |
r-devel-linux-x86_64-debian-gcc | 0.8.6 | 6.84 | 89.72 | 96.56 | OK | |
r-devel-linux-x86_64-fedora-clang | 0.8.6 | 163.65 | NOTE | |||
r-devel-linux-x86_64-fedora-gcc | 0.8.6 | 166.31 | NOTE | |||
r-devel-windows-x86_64 | 0.8.6 | 9.00 | 113.00 | 122.00 | OK | |
r-patched-linux-x86_64 | 0.8.6 | 7.39 | 126.81 | 134.20 | OK | |
r-release-linux-x86_64 | 0.8.6 | 6.32 | 123.79 | 130.11 | OK | |
r-release-macos-arm64 | 0.8.6 | 81.00 | OK | |||
r-release-macos-x86_64 | 0.8.6 | 116.00 | OK | |||
r-release-windows-x86_64 | 0.8.6 | 13.00 | 144.00 | 157.00 | OK | |
r-oldrel-macos-arm64 | 0.8.6 | 90.00 | OK | |||
r-oldrel-windows-x86_64 | 0.8.6 | 14.00 | 141.00 | 155.00 | OK |
Version: 0.8.6
Check: data for non-ASCII characters
Result: NOTE
Note: found 54 marked UTF-8 strings
Flavors: r-devel-linux-x86_64-fedora-clang, r-devel-linux-x86_64-fedora-gcc